CRAN Package Check Results for Package read.gt3x

Last updated on 2021-09-27 22:50:20 CEST.

Flavor Version Tinstall Tcheck Ttotal Status Flags
r-devel-linux-x86_64-debian-clang 1.0.2 32.48 75.14 107.62 NOTE
r-devel-linux-x86_64-debian-gcc 1.0.2 19.63 58.88 78.51 NOTE
r-devel-linux-x86_64-fedora-clang 1.0.2 151.87 NOTE
r-devel-linux-x86_64-fedora-gcc 1.0.2 126.10 NOTE
r-devel-windows-x86_64 1.0.2 29.00 147.00 176.00 NOTE
r-devel-windows-x86_64-gcc10-UCRT 1.0.2 NOTE
r-patched-linux-x86_64 1.0.2 23.91 72.34 96.25 NOTE
r-patched-solaris-x86 1.0.2 199.50 NOTE
r-release-linux-x86_64 1.0.2 28.05 73.46 101.51 NOTE
r-release-macos-arm64 1.0.2 NOTE
r-release-macos-x86_64 1.0.2 NOTE
r-release-windows-ix86+x86_64 1.0.2 71.00 223.00 294.00 NOTE
r-oldrel-macos-x86_64 1.0.2 OK
r-oldrel-windows-ix86+x86_64 1.0.2 79.00 203.00 282.00 OK

Check Details

Version: 1.0.2
Check: LazyData
Result: NOTE
     'LazyData' is specified without a 'data' directory
Flavors: r-devel-linux-x86_64-debian-clang, r-devel-linux-x86_64-debian-gcc, r-devel-linux-x86_64-fedora-clang, r-devel-linux-x86_64-fedora-gcc, r-devel-windows-x86_64, r-devel-windows-x86_64-gcc10-UCRT, r-patched-linux-x86_64, r-patched-solaris-x86, r-release-linux-x86_64, r-release-macos-arm64, r-release-macos-x86_64, r-release-windows-ix86+x86_64