CRAN Package Check Results for Package readBrukerFlexData

Last updated on 2021-12-06 23:50:57 CET.

Flavor Version Tinstall Tcheck Ttotal Status Flags
r-devel-linux-x86_64-debian-clang 1.8.5 2.39 30.75 33.14 OK
r-devel-linux-x86_64-debian-gcc 1.8.5 1.98 24.42 26.40 OK
r-devel-linux-x86_64-fedora-clang 1.8.5 42.12 NOTE
r-devel-linux-x86_64-fedora-gcc 1.8.5 31.81 OK
r-devel-windows-x86_64-new-UL 1.8.5 8.00 54.00 62.00 OK
r-devel-windows-x86_64-new-TK 1.8.5 OK
r-devel-windows-x86_64-old 1.8.5 5.00 30.00 35.00 OK
r-patched-linux-x86_64 1.8.5 2.68 21.92 24.60 OK
r-release-linux-x86_64 1.8.5 2.03 29.60 31.63 OK
r-release-macos-arm64 1.8.5 OK
r-release-macos-x86_64 1.8.5 OK
r-release-windows-ix86+x86_64 1.8.5 6.00 27.00 33.00 OK
r-oldrel-macos-x86_64 1.8.5 OK
r-oldrel-windows-ix86+x86_64 1.8.5 5.00 28.00 33.00 OK

Check Details

Version: 1.8.5
Check: Rd cross-references
Result: NOTE
    Undeclared packages ‘readMzXmlData’, ‘MALDIquantForeign’ in Rd xrefs
Flavor: r-devel-linux-x86_64-fedora-clang