CRAN Package Check Results for Package readMzXmlData

Last updated on 2022-09-27 15:55:15 CEST.

Flavor Version Tinstall Tcheck Ttotal Status Flags
r-devel-linux-x86_64-debian-clang 2.8.1 3.30 34.39 37.69 OK
r-devel-linux-x86_64-debian-gcc 2.8.1 3.07 26.73 29.80 OK
r-devel-linux-x86_64-fedora-clang 2.8.1 59.73 NOTE
r-devel-linux-x86_64-fedora-gcc 2.8.1 55.43 OK
r-devel-windows-x86_64 2.8.1 39.00 65.00 104.00 OK
r-patched-linux-x86_64 2.8.1 3.58 34.37 37.95 OK
r-release-linux-x86_64 2.8.1 3.17 34.52 37.69 OK
r-release-macos-arm64 2.8.1 17.00 OK
r-release-macos-x86_64 2.8.1 26.00 OK
r-release-windows-x86_64 2.8.1 35.00 69.00 104.00 OK
r-oldrel-macos-arm64 2.8.1 22.00 OK
r-oldrel-macos-x86_64 2.8.1 33.00 OK
r-oldrel-windows-ix86+x86_64 2.8.1 7.00 59.00 66.00 OK

Check Details

Version: 2.8.1
Check: Rd cross-references
Result: NOTE
    Undeclared package ‘MALDIquantForeign’ in Rd xrefs
Flavor: r-devel-linux-x86_64-fedora-clang