CRAN Package Check Results for Package reader

Last updated on 2020-10-25 20:48:02 CET.

Flavor Version Tinstall Tcheck Ttotal Status Flags
r-devel-linux-x86_64-debian-clang 1.0.6 3.73 28.72 32.45 NOTE
r-devel-linux-x86_64-debian-gcc 1.0.6 2.58 21.91 24.49 NOTE
r-devel-linux-x86_64-fedora-clang 1.0.6 46.95 NOTE
r-devel-linux-x86_64-fedora-gcc 1.0.6 37.38 NOTE
r-devel-windows-ix86+x86_64 1.0.6 9.00 45.00 54.00 OK
r-patched-linux-x86_64 1.0.6 3.38 26.91 30.29 NOTE
r-patched-solaris-x86 1.0.6 54.20 NOTE
r-release-linux-x86_64 1.0.6 3.39 27.12 30.51 NOTE
r-release-macos-x86_64 1.0.6 OK
r-release-windows-ix86+x86_64 1.0.6 5.00 35.00 40.00 OK
r-oldrel-macos-x86_64 1.0.6 OK
r-oldrel-windows-ix86+x86_64 1.0.6 5.00 34.00 39.00 OK

Check Details

Version: 1.0.6
Check: for non-standard things in the check directory
Result: NOTE
    Found the following files/directories:
     'temp.txt' 'temp2.csv' 'temp3.rda'
Flavors: r-devel-linux-x86_64-debian-clang, r-devel-linux-x86_64-debian-gcc, r-devel-linux-x86_64-fedora-clang, r-devel-linux-x86_64-fedora-gcc, r-patched-linux-x86_64, r-patched-solaris-x86, r-release-linux-x86_64