CRAN Package Check Results for Package readr

Last updated on 2019-05-24 02:53:56 CEST.

Flavor Version Tinstall Tcheck Ttotal Status Flags
r-devel-linux-x86_64-debian-clang 1.3.1 212.59 54.21 266.80 NOTE
r-devel-linux-x86_64-debian-gcc 1.3.1 180.38 42.64 223.02 NOTE
r-devel-linux-x86_64-fedora-clang 1.3.1 424.47 NOTE
r-devel-linux-x86_64-fedora-gcc 1.3.1 386.85 NOTE
r-devel-windows-ix86+x86_64 1.3.1 585.00 114.00 699.00 NOTE
r-patched-linux-x86_64 1.3.1 195.86 53.37 249.23 NOTE
r-patched-solaris-x86 1.3.1 410.40 NOTE
r-release-linux-x86_64 1.3.1 209.13 53.01 262.14 NOTE
r-release-windows-ix86+x86_64 1.3.1 785.00 151.00 936.00 NOTE
r-release-osx-x86_64 1.3.1 NOTE
r-oldrel-windows-ix86+x86_64 1.3.1 528.00 106.00 634.00 NOTE
r-oldrel-osx-x86_64 1.3.1 NOTE

Check Details

Version: 1.3.1
Check: for GNU extensions in Makefiles
Result: NOTE
    GNU make is a SystemRequirements.
Flavors: r-devel-linux-x86_64-debian-clang, r-devel-linux-x86_64-debian-gcc, r-devel-linux-x86_64-fedora-clang, r-devel-linux-x86_64-fedora-gcc, r-devel-windows-ix86+x86_64, r-patched-linux-x86_64, r-patched-solaris-x86, r-release-linux-x86_64, r-release-windows-ix86+x86_64, r-release-osx-x86_64, r-oldrel-windows-ix86+x86_64, r-oldrel-osx-x86_64

Version: 1.3.1
Check: installed package size
Result: NOTE
     installed size is 9.2Mb
     sub-directories of 1Mb or more:
     libs 8.4Mb
Flavor: r-devel-linux-x86_64-fedora-clang