Last updated on 2023-06-03 02:51:28 CEST.
Flavor | Version | Tinstall | Tcheck | Ttotal | Status | Flags |
---|---|---|---|---|---|---|
r-devel-linux-x86_64-debian-clang | 2.1.4 | 75.69 | 146.95 | 222.64 | OK | |
r-devel-linux-x86_64-debian-gcc | 2.1.4 | 68.57 | 98.20 | 166.77 | OK | |
r-devel-linux-x86_64-fedora-clang | 2.1.4 | 305.46 | NOTE | |||
r-devel-linux-x86_64-fedora-gcc | 2.1.4 | 294.68 | OK | |||
r-devel-windows-x86_64 | 2.1.4 | 75.00 | 152.00 | 227.00 | OK | |
r-patched-linux-x86_64 | 2.1.4 | OK | ||||
r-release-linux-x86_64 | 2.1.4 | 73.97 | 124.90 | 198.87 | OK | |
r-release-macos-arm64 | 2.1.4 | 108.00 | NOTE | |||
r-release-macos-x86_64 | 2.1.4 | 160.00 | NOTE | |||
r-release-windows-x86_64 | 2.1.4 | 92.00 | 175.00 | 267.00 | OK | |
r-oldrel-macos-arm64 | 2.1.4 | 97.00 | NOTE | |||
r-oldrel-macos-x86_64 | 2.1.4 | 121.00 | OK | |||
r-oldrel-windows-x86_64 | 2.1.4 | 83.00 | 163.00 | 246.00 | OK |
Version: 2.1.4
Check: Rd cross-references
Result: NOTE
Undeclared packages ‘tidyselect’, ‘vctrs’ in Rd xrefs
Flavor: r-devel-linux-x86_64-fedora-clang
Version: 2.1.4
Check: installed package size
Result: NOTE
installed size is 5.4Mb
sub-directories of 1Mb or more:
libs 4.5Mb
Flavors: r-release-macos-arm64, r-release-macos-x86_64, r-oldrel-macos-arm64