CRAN Package Check Results for Package readr

Last updated on 2019-11-13 12:47:07 CET.

Flavor Version Tinstall Tcheck Ttotal Status Flags
r-devel-linux-x86_64-debian-clang 1.3.1 238.83 57.20 296.03 NOTE
r-devel-linux-x86_64-debian-gcc 1.3.1 184.59 44.45 229.04 NOTE
r-devel-linux-x86_64-fedora-clang 1.3.1 419.33 NOTE
r-devel-linux-x86_64-fedora-gcc 1.3.1 411.56 NOTE
r-devel-windows-ix86+x86_64 1.3.1 788.00 111.00 899.00 NOTE
r-patched-linux-x86_64 1.3.1 199.62 55.36 254.98 NOTE
r-patched-solaris-x86 1.3.1 455.70 WARN
r-release-linux-x86_64 1.3.1 208.27 55.10 263.37 NOTE
r-release-windows-ix86+x86_64 1.3.1 784.00 166.00 950.00 NOTE
r-release-osx-x86_64 1.3.1 NOTE
r-oldrel-windows-ix86+x86_64 1.3.1 546.00 172.00 718.00 NOTE
r-oldrel-osx-x86_64 1.3.1 NOTE

Check Details

Version: 1.3.1
Check: for GNU extensions in Makefiles
Result: NOTE
    GNU make is a SystemRequirements.
Flavors: r-devel-linux-x86_64-debian-clang, r-devel-linux-x86_64-debian-gcc, r-devel-linux-x86_64-fedora-clang, r-devel-linux-x86_64-fedora-gcc, r-devel-windows-ix86+x86_64, r-patched-linux-x86_64, r-patched-solaris-x86, r-release-linux-x86_64, r-release-windows-ix86+x86_64, r-release-osx-x86_64, r-oldrel-windows-ix86+x86_64, r-oldrel-osx-x86_64

Version: 1.3.1
Check: installed package size
Result: NOTE
     installed size is 9.9Mb
     sub-directories of 1Mb or more:
     libs 9.1Mb
Flavor: r-devel-linux-x86_64-fedora-clang

Version: 1.3.1
Check: for unstated dependencies in ‘tests’
Result: WARN
    Warning in deparse(e[[2L]]) :
     it is not known that wchar_t is Unicode on this platform
    Warning in deparse(e[[2L]]) :
     it is not known that wchar_t is Unicode on this platform
    Warning in deparse(e[[2L]]) :
     it is not known that wchar_t is Unicode on this platform
    Warning in deparse(e[[2L]]) :
     it is not known that wchar_t is Unicode on this platform
Flavor: r-patched-solaris-x86