CRAN Package Check Results for Package readrba

Last updated on 2021-05-18 14:50:30 CEST.

Flavor Version Tinstall Tcheck Ttotal Status Flags
r-devel-linux-x86_64-debian-clang 0.1.1 5.32 55.81 61.13 OK
r-devel-linux-x86_64-debian-gcc 0.1.1 4.21 41.92 46.13 OK
r-devel-linux-x86_64-fedora-clang 0.1.1 78.35 NOTE
r-devel-linux-x86_64-fedora-gcc 0.1.1 70.04 OK
r-devel-windows-ix86+x86_64 0.1.1 20.00 156.00 176.00 OK
r-devel-windows-x86_64-gcc10-UCRT 0.1.1 OK
r-patched-linux-x86_64 0.1.1 4.83 52.69 57.52 OK
r-patched-solaris-x86 0.1.1 105.50 OK
r-release-linux-x86_64 0.1.1 4.33 51.44 55.77 OK
r-release-macos-x86_64 0.1.1 OK
r-release-windows-ix86+x86_64 0.1.1 10.00 105.00 115.00 OK
r-oldrel-macos-x86_64 0.1.1 OK
r-oldrel-windows-ix86+x86_64 0.1.1 7.00 125.00 132.00 OK

Check Details

Version: 0.1.1
Check: Rd cross-references
Result: NOTE
    Undeclared package ‘magrittr’ in Rd xrefs
Flavor: r-devel-linux-x86_64-fedora-clang