CRAN Package Check Results for Package readstata13

Last updated on 2019-03-23 11:51:22 CET.

Flavor Version Tinstall Tcheck Ttotal Status Flags
r-devel-linux-x86_64-debian-clang 0.9.2 56.90 28.66 85.56 OK
r-devel-linux-x86_64-debian-gcc 0.9.2 50.17 23.07 73.24 OK
r-devel-linux-x86_64-fedora-clang 0.9.2 133.14 OK
r-devel-linux-x86_64-fedora-gcc 0.9.2 122.16 OK
r-devel-windows-ix86+x86_64 0.9.2 163.00 85.00 248.00 OK
r-patched-linux-x86_64 0.9.2 59.97 26.89 86.86 OK
r-patched-solaris-x86 0.9.2 114.60 OK
r-release-linux-x86_64 0.9.2 0.30 2.07 2.37 ERROR
r-release-windows-ix86+x86_64 0.9.2 107.00 68.00 175.00 OK
r-release-osx-x86_64 0.9.2 OK
r-oldrel-windows-ix86+x86_64 0.9.2 111.00 80.00 191.00 OK
r-oldrel-osx-x86_64 0.9.2 OK

Check Details

Version: 0.9.2
Check: whether package can be installed
Result: ERROR
    Installation failed.
Flavor: r-release-linux-x86_64