CRAN Package Check Results for Package readtext

Last updated on 2019-05-24 10:49:43 CEST.

Flavor Version Tinstall Tcheck Ttotal Status Flags
r-devel-linux-x86_64-debian-clang 0.74 4.31 55.39 59.70 OK
r-devel-linux-x86_64-debian-gcc 0.74 3.61 43.85 47.46 OK
r-devel-linux-x86_64-fedora-clang 0.74 81.59 NOTE
r-devel-linux-x86_64-fedora-gcc 0.74 78.15 NOTE
r-devel-windows-ix86+x86_64 0.74 10.00 76.00 86.00 OK
r-patched-linux-x86_64 0.74 4.43 54.73 59.16 OK
r-patched-solaris-x86 0.74 142.70 NOTE
r-release-linux-x86_64 0.74 4.54 54.21 58.75 OK
r-release-windows-ix86+x86_64 0.74 13.00 108.00 121.00 OK
r-release-osx-x86_64 0.74 NOTE
r-oldrel-windows-ix86+x86_64 0.74 11.00 103.00 114.00 OK
r-oldrel-osx-x86_64 0.74 NOTE

Check Details

Version: 0.74
Check: data for non-ASCII characters
Result: NOTE
     Note: found 1 marked Latin-1 string
     Note: found 1 marked UTF-8 string
     Note: found 7 strings marked as "bytes"
Flavors: r-devel-linux-x86_64-fedora-clang, r-devel-linux-x86_64-fedora-gcc, r-patched-solaris-x86, r-release-osx-x86_64, r-oldrel-osx-x86_64