CRAN Package Check Results for Package readwritesqlite

Last updated on 2020-03-31 19:49:54 CEST.

Flavor Version Tinstall Tcheck Ttotal Status Flags
r-devel-linux-x86_64-debian-clang 0.1.0 5.63 98.14 103.77 ERROR
r-devel-linux-x86_64-debian-gcc 0.1.0 4.57 74.17 78.74 ERROR
r-devel-linux-x86_64-fedora-clang 0.1.0 118.58 ERROR
r-devel-linux-x86_64-fedora-gcc 0.1.0 117.94 ERROR
r-devel-windows-ix86+x86_64 0.1.0 11.00 101.00 112.00 OK
r-devel-windows-ix86+x86_64-gcc8 0.1.0 13.00 109.00 122.00 ERROR
r-patched-linux-x86_64 0.1.0 4.78 94.60 99.38 ERROR
r-patched-solaris-x86 0.1.0 164.30 ERROR
r-release-linux-x86_64 0.1.0 4.34 85.86 90.20 ERROR
r-release-windows-ix86+x86_64 0.1.0 19.00 137.00 156.00 OK
r-release-osx-x86_64 0.1.0 OK
r-oldrel-windows-ix86+x86_64 0.1.0 9.00 140.00 149.00 OK
r-oldrel-osx-x86_64 0.1.0 OK

Check Details

Version: 0.1.0
Check: tests
Result: ERROR
     Running 'testthat.R' [42s/45s]
    Running the tests in 'tests/testthat.R' failed.
    Complete output:
     > library(testthat)
     > library(readwritesqlite)
     >
     > test_check("readwritesqlite")
     -- 1. Failure: meta reads all classes (@test-meta.R#194) ----------------------
     `remote` not identical to tibble::as_tibble(local).
     Component "geometry": Attributes: < Component "crs": Component "input": 1 string mismatch >
     Component "geometry": Attributes: < Component "crs": Component "wkt": 1 string mismatch >
    
     -- 2. Failure: meta sfc different types (@test-meta.R#500) --------------------
     `remote` not identical to tibble::as_tibble(local).
     Component "zinteger": Attributes: < Component "crs": Component "input": 1 string mismatch >
     Component "zinteger": Attributes: < Component "crs": Component "wkt": 1 string mismatch >
     Component "zreal": Attributes: < Component "crs": Component "input": 1 string mismatch >
     Component "zreal": Attributes: < Component "crs": Component "wkt": 1 string mismatch >
     Component "znumeric": Attributes: < Component "crs": Component "input": 1 string mismatch >
     Component "znumeric": Attributes: < Component "crs": Component "wkt": 1 string mismatch >
     Component "ztext": Attributes: < Component "crs": Component "input": 1 string mismatch >
     Component "ztext": Attributes: < Component "crs": Component "wkt": 1 string mismatch >
     Component "ztextold": Attributes: < Component "crs": Component "input": 1 string mismatch >
     ...
    
     -- 3. Failure: rws_get_sqlite_query works with meta = TRUE and logical (@test-qu
     `remote` not identical to tibble::as_tibble(local).
     Component "geometry": Attributes: < Component "crs": Component "input": 1 string mismatch >
     Component "geometry": Attributes: < Component "crs": Component "wkt": 1 string mismatch >
    
     -- 4. Failure: rws_read with meta = FALSE (@test-read.R#68) ------------------
     `remote` not identical to `local`.
     Component "geometry": Attributes: < Component "crs": Names: 2 string mismatches >
     Component "geometry": Attributes: < Component "crs": Component 1: Modes: character, numeric >
     Component "geometry": Attributes: < Component "crs": Component 1: target is character, current is numeric >
     Component "geometry": Attributes: < Component "crs": Component 2: 1 string mismatch >
    
     -- 5. Failure: sf data frames with single geometry passed back (@test-write.R#56
     `remote` not identical to `local`.
     Component "geometry": Attributes: < Component "crs": Names: 2 string mismatches >
     Component "geometry": Attributes: < Component "crs": Component 1: Modes: character, numeric >
     Component "geometry": Attributes: < Component "crs": Component 1: target is character, current is numeric >
     Component "geometry": Attributes: < Component "crs": Component 2: 1 string mismatch >
    
     -- 6. Failure: sf data frames with two geometries and correct one passed back (@
     `remote` not identical to `local`.
     Component "first": Attributes: < Component "crs": Names: 2 string mismatches >
     Component "first": Attributes: < Component "crs": Component 1: Modes: character, numeric >
     Component "first": Attributes: < Component "crs": Component 1: target is character, current is numeric >
     Component "first": Attributes: < Component "crs": Component 2: 1 string mismatch >
     Component "second": Attributes: < Component "crs": Names: 2 string mismatches >
     Component "second": Attributes: < Component "crs": Component 1: Modes: character, numeric >
     Component "second": Attributes: < Component "crs": Component 1: target is character, current is numeric >
     Component "second": Attributes: < Component "crs": Component 2: 1 string mismatch >
    
     -- 7. Failure: sf can change sf_column (@test-write.R#604) --------------------
     `remote` not identical to `local`.
     Component "first": Attributes: < Component "crs": Names: 2 string mismatches >
     Component "first": Attributes: < Component "crs": Component 1: Modes: character, numeric >
     Component "first": Attributes: < Component "crs": Component 1: target is character, current is numeric >
     Component "first": Attributes: < Component "crs": Component 2: 1 string mismatch >
     Component "second": Attributes: < Component "crs": Names: 2 string mismatches >
     Component "second": Attributes: < Component "crs": Component 1: Modes: character, numeric >
     Component "second": Attributes: < Component "crs": Component 1: target is character, current is numeric >
     Component "second": Attributes: < Component "crs": Component 2: 1 string mismatch >
    
     -- 8. Failure: sf data frames with two geometries and lots of other stuff and co
     `remote` not identical to `local`.
     Component "geometry": Attributes: < Component "crs": Names: 2 string mismatches >
     Component "geometry": Attributes: < Component "crs": Component 1: Modes: character, numeric >
     Component "geometry": Attributes: < Component "crs": Component 1: target is character, current is numeric >
     Component "geometry": Attributes: < Component "crs": Component 2: 1 string mismatch >
     Component "second": Attributes: < Component "crs": Names: 2 string mismatches >
     Component "second": Attributes: < Component "crs": Component 1: Modes: character, numeric >
     Component "second": Attributes: < Component "crs": Component 1: target is character, current is numeric >
     Component "second": Attributes: < Component "crs": Component 2: 1 string mismatch >
    
     -- 9. Failure: initialized even with no rows of data (@test-write.R#644) ------
     `remote` not identical to `local`.
     Component "geometry": Attributes: < Component "crs": Component "input": 1 string mismatch >
     Component "geometry": Attributes: < Component "crs": Component "wkt": 1 string mismatch >
     Component "second": Attributes: < Component "crs": Component "input": 1 string mismatch >
     Component "second": Attributes: < Component "crs": Component "wkt": 1 string mismatch >
    
     == testthat results ===========================================================
     [ OK: 496 | SKIPPED: 0 | WARNINGS: 0 | FAILED: 9 ]
     1. Failure: meta reads all classes (@test-meta.R#194)
     2. Failure: meta sfc different types (@test-meta.R#500)
     3. Failure: rws_get_sqlite_query works with meta = TRUE and logical (@test-query.R#51)
     4. Failure: rws_read with meta = FALSE (@test-read.R#68)
     5. Failure: sf data frames with single geometry passed back (@test-write.R#560)
     6. Failure: sf data frames with two geometries and correct one passed back (@test-write.R#582)
     7. Failure: sf can change sf_column (@test-write.R#604)
     8. Failure: sf data frames with two geometries and lots of other stuff and correct one passed back (@test-write.R#624)
     9. Failure: initialized even with no rows of data (@test-write.R#644)
    
     Error: testthat unit tests failed
     Execution halted
Flavor: r-devel-linux-x86_64-debian-clang

Version: 0.1.0
Check: tests
Result: ERROR
     Running ‘testthat.R’ [31s/40s]
    Running the tests in ‘tests/testthat.R’ failed.
    Complete output:
     > library(testthat)
     > library(readwritesqlite)
     >
     > test_check("readwritesqlite")
     ── 1. Failure: meta reads all classes (@test-meta.R#194) ──────────────────────
     `remote` not identical to tibble::as_tibble(local).
     Component "geometry": Attributes: < Component "crs": Component "input": 1 string mismatch >
     Component "geometry": Attributes: < Component "crs": Component "wkt": 1 string mismatch >
    
     ── 2. Failure: meta sfc different types (@test-meta.R#500) ────────────────────
     `remote` not identical to tibble::as_tibble(local).
     Component "zinteger": Attributes: < Component "crs": Component "input": 1 string mismatch >
     Component "zinteger": Attributes: < Component "crs": Component "wkt": 1 string mismatch >
     Component "zreal": Attributes: < Component "crs": Component "input": 1 string mismatch >
     Component "zreal": Attributes: < Component "crs": Component "wkt": 1 string mismatch >
     Component "znumeric": Attributes: < Component "crs": Component "input": 1 string mismatch >
     Component "znumeric": Attributes: < Component "crs": Component "wkt": 1 string mismatch >
     Component "ztext": Attributes: < Component "crs": Component "input": 1 string mismatch >
     Component "ztext": Attributes: < Component "crs": Component "wkt": 1 string mismatch >
     Component "ztextold": Attributes: < Component "crs": Component "input": 1 string mismatch >
     ...
    
     ── 3. Failure: rws_get_sqlite_query works with meta = TRUE and logical (@test-qu
     `remote` not identical to tibble::as_tibble(local).
     Component "geometry": Attributes: < Component "crs": Component "input": 1 string mismatch >
     Component "geometry": Attributes: < Component "crs": Component "wkt": 1 string mismatch >
    
     ── 4. Failure: rws_read with meta = FALSE (@test-read.R#68) ──────────────────
     `remote` not identical to `local`.
     Component "geometry": Attributes: < Component "crs": Names: 2 string mismatches >
     Component "geometry": Attributes: < Component "crs": Component 1: Modes: character, numeric >
     Component "geometry": Attributes: < Component "crs": Component 1: target is character, current is numeric >
     Component "geometry": Attributes: < Component "crs": Component 2: 1 string mismatch >
    
     ── 5. Failure: sf data frames with single geometry passed back (@test-write.R#56
     `remote` not identical to `local`.
     Component "geometry": Attributes: < Component "crs": Names: 2 string mismatches >
     Component "geometry": Attributes: < Component "crs": Component 1: Modes: character, numeric >
     Component "geometry": Attributes: < Component "crs": Component 1: target is character, current is numeric >
     Component "geometry": Attributes: < Component "crs": Component 2: 1 string mismatch >
    
     ── 6. Failure: sf data frames with two geometries and correct one passed back (@
     `remote` not identical to `local`.
     Component "first": Attributes: < Component "crs": Names: 2 string mismatches >
     Component "first": Attributes: < Component "crs": Component 1: Modes: character, numeric >
     Component "first": Attributes: < Component "crs": Component 1: target is character, current is numeric >
     Component "first": Attributes: < Component "crs": Component 2: 1 string mismatch >
     Component "second": Attributes: < Component "crs": Names: 2 string mismatches >
     Component "second": Attributes: < Component "crs": Component 1: Modes: character, numeric >
     Component "second": Attributes: < Component "crs": Component 1: target is character, current is numeric >
     Component "second": Attributes: < Component "crs": Component 2: 1 string mismatch >
    
     ── 7. Failure: sf can change sf_column (@test-write.R#604) ────────────────────
     `remote` not identical to `local`.
     Component "first": Attributes: < Component "crs": Names: 2 string mismatches >
     Component "first": Attributes: < Component "crs": Component 1: Modes: character, numeric >
     Component "first": Attributes: < Component "crs": Component 1: target is character, current is numeric >
     Component "first": Attributes: < Component "crs": Component 2: 1 string mismatch >
     Component "second": Attributes: < Component "crs": Names: 2 string mismatches >
     Component "second": Attributes: < Component "crs": Component 1: Modes: character, numeric >
     Component "second": Attributes: < Component "crs": Component 1: target is character, current is numeric >
     Component "second": Attributes: < Component "crs": Component 2: 1 string mismatch >
    
     ── 8. Failure: sf data frames with two geometries and lots of other stuff and co
     `remote` not identical to `local`.
     Component "geometry": Attributes: < Component "crs": Names: 2 string mismatches >
     Component "geometry": Attributes: < Component "crs": Component 1: Modes: character, numeric >
     Component "geometry": Attributes: < Component "crs": Component 1: target is character, current is numeric >
     Component "geometry": Attributes: < Component "crs": Component 2: 1 string mismatch >
     Component "second": Attributes: < Component "crs": Names: 2 string mismatches >
     Component "second": Attributes: < Component "crs": Component 1: Modes: character, numeric >
     Component "second": Attributes: < Component "crs": Component 1: target is character, current is numeric >
     Component "second": Attributes: < Component "crs": Component 2: 1 string mismatch >
    
     ── 9. Failure: initialized even with no rows of data (@test-write.R#644) ──────
     `remote` not identical to `local`.
     Component "geometry": Attributes: < Component "crs": Component "input": 1 string mismatch >
     Component "geometry": Attributes: < Component "crs": Component "wkt": 1 string mismatch >
     Component "second": Attributes: < Component "crs": Component "input": 1 string mismatch >
     Component "second": Attributes: < Component "crs": Component "wkt": 1 string mismatch >
    
     ══ testthat results ═══════════════════════════════════════════════════════════
     [ OK: 496 | SKIPPED: 0 | WARNINGS: 0 | FAILED: 9 ]
     1. Failure: meta reads all classes (@test-meta.R#194)
     2. Failure: meta sfc different types (@test-meta.R#500)
     3. Failure: rws_get_sqlite_query works with meta = TRUE and logical (@test-query.R#51)
     4. Failure: rws_read with meta = FALSE (@test-read.R#68)
     5. Failure: sf data frames with single geometry passed back (@test-write.R#560)
     6. Failure: sf data frames with two geometries and correct one passed back (@test-write.R#582)
     7. Failure: sf can change sf_column (@test-write.R#604)
     8. Failure: sf data frames with two geometries and lots of other stuff and correct one passed back (@test-write.R#624)
     9. Failure: initialized even with no rows of data (@test-write.R#644)
    
     Error: testthat unit tests failed
     Execution halted
Flavor: r-devel-linux-x86_64-debian-gcc

Version: 0.1.0
Check: tests
Result: ERROR
     Running ‘testthat.R’ [45s/53s]
    Running the tests in ‘tests/testthat.R’ failed.
    Complete output:
     > library(testthat)
     > library(readwritesqlite)
     >
     > test_check("readwritesqlite")
     ── 1. Failure: meta reads all classes (@test-meta.R#194) ──────────────────────
     `remote` not identical to tibble::as_tibble(local).
     Component "geometry": Attributes: < Component "crs": Component "input": 1 string mismatch >
    
     ── 2. Failure: meta sfc different types (@test-meta.R#500) ────────────────────
     `remote` not identical to tibble::as_tibble(local).
     Component "zinteger": Attributes: < Component "crs": Component "input": 1 string mismatch >
     Component "zreal": Attributes: < Component "crs": Component "input": 1 string mismatch >
     Component "znumeric": Attributes: < Component "crs": Component "input": 1 string mismatch >
     Component "ztext": Attributes: < Component "crs": Component "input": 1 string mismatch >
     Component "ztextold": Attributes: < Component "crs": Component "input": 1 string mismatch >
     Component "zblob": Attributes: < Component "crs": Component "input": 1 string mismatch >
    
     ── 3. Failure: rws_get_sqlite_query works with meta = TRUE and logical (@test-qu
     `remote` not identical to tibble::as_tibble(local).
     Component "geometry": Attributes: < Component "crs": Component "input": 1 string mismatch >
    
     ── 4. Failure: rws_read with meta = FALSE (@test-read.R#68) ──────────────────
     `remote` not identical to `local`.
     Component "geometry": Attributes: < Component "crs": Names: 2 string mismatches >
     Component "geometry": Attributes: < Component "crs": Component 1: Modes: character, numeric >
     Component "geometry": Attributes: < Component "crs": Component 1: target is character, current is numeric >
     Component "geometry": Attributes: < Component "crs": Component 2: 1 string mismatch >
    
     ── 5. Failure: sf data frames with single geometry passed back (@test-write.R#56
     `remote` not identical to `local`.
     Component "geometry": Attributes: < Component "crs": Names: 2 string mismatches >
     Component "geometry": Attributes: < Component "crs": Component 1: Modes: character, numeric >
     Component "geometry": Attributes: < Component "crs": Component 1: target is character, current is numeric >
     Component "geometry": Attributes: < Component "crs": Component 2: 1 string mismatch >
    
     ── 6. Failure: sf data frames with two geometries and correct one passed back (@
     `remote` not identical to `local`.
     Component "first": Attributes: < Component "crs": Names: 2 string mismatches >
     Component "first": Attributes: < Component "crs": Component 1: Modes: character, numeric >
     Component "first": Attributes: < Component "crs": Component 1: target is character, current is numeric >
     Component "first": Attributes: < Component "crs": Component 2: 1 string mismatch >
     Component "second": Attributes: < Component "crs": Names: 2 string mismatches >
     Component "second": Attributes: < Component "crs": Component 1: Modes: character, numeric >
     Component "second": Attributes: < Component "crs": Component 1: target is character, current is numeric >
     Component "second": Attributes: < Component "crs": Component 2: 1 string mismatch >
    
     ── 7. Failure: sf can change sf_column (@test-write.R#604) ────────────────────
     `remote` not identical to `local`.
     Component "first": Attributes: < Component "crs": Names: 2 string mismatches >
     Component "first": Attributes: < Component "crs": Component 1: Modes: character, numeric >
     Component "first": Attributes: < Component "crs": Component 1: target is character, current is numeric >
     Component "first": Attributes: < Component "crs": Component 2: 1 string mismatch >
     Component "second": Attributes: < Component "crs": Names: 2 string mismatches >
     Component "second": Attributes: < Component "crs": Component 1: Modes: character, numeric >
     Component "second": Attributes: < Component "crs": Component 1: target is character, current is numeric >
     Component "second": Attributes: < Component "crs": Component 2: 1 string mismatch >
    
     ── 8. Failure: sf data frames with two geometries and lots of other stuff and co
     `remote` not identical to `local`.
     Component "geometry": Attributes: < Component "crs": Names: 2 string mismatches >
     Component "geometry": Attributes: < Component "crs": Component 1: Modes: character, numeric >
     Component "geometry": Attributes: < Component "crs": Component 1: target is character, current is numeric >
     Component "geometry": Attributes: < Component "crs": Component 2: 1 string mismatch >
     Component "second": Attributes: < Component "crs": Names: 2 string mismatches >
     Component "second": Attributes: < Component "crs": Component 1: Modes: character, numeric >
     Component "second": Attributes: < Component "crs": Component 1: target is character, current is numeric >
     Component "second": Attributes: < Component "crs": Component 2: 1 string mismatch >
    
     ── 9. Failure: initialized even with no rows of data (@test-write.R#644) ──────
     `remote` not identical to `local`.
     Component "geometry": Attributes: < Component "crs": Component "input": 1 string mismatch >
     Component "second": Attributes: < Component "crs": Component "input": 1 string mismatch >
    
     ══ testthat results ═══════════════════════════════════════════════════════════
     [ OK: 496 | SKIPPED: 0 | WARNINGS: 0 | FAILED: 9 ]
     1. Failure: meta reads all classes (@test-meta.R#194)
     2. Failure: meta sfc different types (@test-meta.R#500)
     3. Failure: rws_get_sqlite_query works with meta = TRUE and logical (@test-query.R#51)
     4. Failure: rws_read with meta = FALSE (@test-read.R#68)
     5. Failure: sf data frames with single geometry passed back (@test-write.R#560)
     6. Failure: sf data frames with two geometries and correct one passed back (@test-write.R#582)
     7. Failure: sf can change sf_column (@test-write.R#604)
     8. Failure: sf data frames with two geometries and lots of other stuff and correct one passed back (@test-write.R#624)
     9. Failure: initialized even with no rows of data (@test-write.R#644)
    
     Error: testthat unit tests failed
     Execution halted
Flavor: r-devel-linux-x86_64-fedora-clang

Version: 0.1.0
Check: tests
Result: ERROR
     Running ‘testthat.R’ [46s/52s]
    Running the tests in ‘tests/testthat.R’ failed.
    Complete output:
     > library(testthat)
     > library(readwritesqlite)
     >
     > test_check("readwritesqlite")
     ── 1. Failure: meta reads all classes (@test-meta.R#194) ──────────────────────
     `remote` not identical to tibble::as_tibble(local).
     Component "geometry": Attributes: < Component "crs": Component "input": 1 string mismatch >
    
     ── 2. Failure: meta sfc different types (@test-meta.R#500) ────────────────────
     `remote` not identical to tibble::as_tibble(local).
     Component "zinteger": Attributes: < Component "crs": Component "input": 1 string mismatch >
     Component "zreal": Attributes: < Component "crs": Component "input": 1 string mismatch >
     Component "znumeric": Attributes: < Component "crs": Component "input": 1 string mismatch >
     Component "ztext": Attributes: < Component "crs": Component "input": 1 string mismatch >
     Component "ztextold": Attributes: < Component "crs": Component "input": 1 string mismatch >
     Component "zblob": Attributes: < Component "crs": Component "input": 1 string mismatch >
    
     ── 3. Failure: rws_get_sqlite_query works with meta = TRUE and logical (@test-qu
     `remote` not identical to tibble::as_tibble(local).
     Component "geometry": Attributes: < Component "crs": Component "input": 1 string mismatch >
    
     ── 4. Failure: rws_read with meta = FALSE (@test-read.R#68) ──────────────────
     `remote` not identical to `local`.
     Component "geometry": Attributes: < Component "crs": Names: 2 string mismatches >
     Component "geometry": Attributes: < Component "crs": Component 1: Modes: character, numeric >
     Component "geometry": Attributes: < Component "crs": Component 1: target is character, current is numeric >
     Component "geometry": Attributes: < Component "crs": Component 2: 1 string mismatch >
    
     ── 5. Failure: sf data frames with single geometry passed back (@test-write.R#56
     `remote` not identical to `local`.
     Component "geometry": Attributes: < Component "crs": Names: 2 string mismatches >
     Component "geometry": Attributes: < Component "crs": Component 1: Modes: character, numeric >
     Component "geometry": Attributes: < Component "crs": Component 1: target is character, current is numeric >
     Component "geometry": Attributes: < Component "crs": Component 2: 1 string mismatch >
    
     ── 6. Failure: sf data frames with two geometries and correct one passed back (@
     `remote` not identical to `local`.
     Component "first": Attributes: < Component "crs": Names: 2 string mismatches >
     Component "first": Attributes: < Component "crs": Component 1: Modes: character, numeric >
     Component "first": Attributes: < Component "crs": Component 1: target is character, current is numeric >
     Component "first": Attributes: < Component "crs": Component 2: 1 string mismatch >
     Component "second": Attributes: < Component "crs": Names: 2 string mismatches >
     Component "second": Attributes: < Component "crs": Component 1: Modes: character, numeric >
     Component "second": Attributes: < Component "crs": Component 1: target is character, current is numeric >
     Component "second": Attributes: < Component "crs": Component 2: 1 string mismatch >
    
     ── 7. Failure: sf can change sf_column (@test-write.R#604) ────────────────────
     `remote` not identical to `local`.
     Component "first": Attributes: < Component "crs": Names: 2 string mismatches >
     Component "first": Attributes: < Component "crs": Component 1: Modes: character, numeric >
     Component "first": Attributes: < Component "crs": Component 1: target is character, current is numeric >
     Component "first": Attributes: < Component "crs": Component 2: 1 string mismatch >
     Component "second": Attributes: < Component "crs": Names: 2 string mismatches >
     Component "second": Attributes: < Component "crs": Component 1: Modes: character, numeric >
     Component "second": Attributes: < Component "crs": Component 1: target is character, current is numeric >
     Component "second": Attributes: < Component "crs": Component 2: 1 string mismatch >
    
     ── 8. Failure: sf data frames with two geometries and lots of other stuff and co
     `remote` not identical to `local`.
     Component "geometry": Attributes: < Component "crs": Names: 2 string mismatches >
     Component "geometry": Attributes: < Component "crs": Component 1: Modes: character, numeric >
     Component "geometry": Attributes: < Component "crs": Component 1: target is character, current is numeric >
     Component "geometry": Attributes: < Component "crs": Component 2: 1 string mismatch >
     Component "second": Attributes: < Component "crs": Names: 2 string mismatches >
     Component "second": Attributes: < Component "crs": Component 1: Modes: character, numeric >
     Component "second": Attributes: < Component "crs": Component 1: target is character, current is numeric >
     Component "second": Attributes: < Component "crs": Component 2: 1 string mismatch >
    
     ── 9. Failure: initialized even with no rows of data (@test-write.R#644) ──────
     `remote` not identical to `local`.
     Component "geometry": Attributes: < Component "crs": Component "input": 1 string mismatch >
     Component "second": Attributes: < Component "crs": Component "input": 1 string mismatch >
    
     ══ testthat results ═══════════════════════════════════════════════════════════
     [ OK: 496 | SKIPPED: 0 | WARNINGS: 0 | FAILED: 9 ]
     1. Failure: meta reads all classes (@test-meta.R#194)
     2. Failure: meta sfc different types (@test-meta.R#500)
     3. Failure: rws_get_sqlite_query works with meta = TRUE and logical (@test-query.R#51)
     4. Failure: rws_read with meta = FALSE (@test-read.R#68)
     5. Failure: sf data frames with single geometry passed back (@test-write.R#560)
     6. Failure: sf data frames with two geometries and correct one passed back (@test-write.R#582)
     7. Failure: sf can change sf_column (@test-write.R#604)
     8. Failure: sf data frames with two geometries and lots of other stuff and correct one passed back (@test-write.R#624)
     9. Failure: initialized even with no rows of data (@test-write.R#644)
    
     Error: testthat unit tests failed
     Execution halted
Flavor: r-devel-linux-x86_64-fedora-gcc

Version: 0.1.0
Check: tests
Result: ERROR
     Running 'testthat.R' [36s]
    Running the tests in 'tests/testthat.R' failed.
    Complete output:
     > library(testthat)
     > library(readwritesqlite)
     >
     > test_check("readwritesqlite")
     -- 1. Failure: meta reads all classes (@test-meta.R#194) ----------------------
     `remote` not identical to tibble::as_tibble(local).
     Component "geometry": Attributes: < Component "crs": Component "input": 1 string mismatch >
    
     -- 2. Failure: meta sfc different types (@test-meta.R#500) --------------------
     `remote` not identical to tibble::as_tibble(local).
     Component "zinteger": Attributes: < Component "crs": Component "input": 1 string mismatch >
     Component "zreal": Attributes: < Component "crs": Component "input": 1 string mismatch >
     Component "znumeric": Attributes: < Component "crs": Component "input": 1 string mismatch >
     Component "ztext": Attributes: < Component "crs": Component "input": 1 string mismatch >
     Component "ztextold": Attributes: < Component "crs": Component "input": 1 string mismatch >
     Component "zblob": Attributes: < Component "crs": Component "input": 1 string mismatch >
    
     -- 3. Failure: rws_get_sqlite_query works with meta = TRUE and logical (@test-qu
     `remote` not identical to tibble::as_tibble(local).
     Component "geometry": Attributes: < Component "crs": Component "input": 1 string mismatch >
    
     -- 4. Failure: rws_read with meta = FALSE (@test-read.R#68) ------------------
     `remote` not identical to `local`.
     Component "geometry": Attributes: < Component "crs": Names: 2 string mismatches >
     Component "geometry": Attributes: < Component "crs": Component 1: Modes: character, numeric >
     Component "geometry": Attributes: < Component "crs": Component 1: target is character, current is numeric >
     Component "geometry": Attributes: < Component "crs": Component 2: 1 string mismatch >
    
     -- 5. Failure: sf data frames with single geometry passed back (@test-write.R#56
     `remote` not identical to `local`.
     Component "geometry": Attributes: < Component "crs": Names: 2 string mismatches >
     Component "geometry": Attributes: < Component "crs": Component 1: Modes: character, numeric >
     Component "geometry": Attributes: < Component "crs": Component 1: target is character, current is numeric >
     Component "geometry": Attributes: < Component "crs": Component 2: 1 string mismatch >
    
     -- 6. Failure: sf data frames with two geometries and correct one passed back (@
     `remote` not identical to `local`.
     Component "first": Attributes: < Component "crs": Names: 2 string mismatches >
     Component "first": Attributes: < Component "crs": Component 1: Modes: character, numeric >
     Component "first": Attributes: < Component "crs": Component 1: target is character, current is numeric >
     Component "first": Attributes: < Component "crs": Component 2: 1 string mismatch >
     Component "second": Attributes: < Component "crs": Names: 2 string mismatches >
     Component "second": Attributes: < Component "crs": Component 1: Modes: character, numeric >
     Component "second": Attributes: < Component "crs": Component 1: target is character, current is numeric >
     Component "second": Attributes: < Component "crs": Component 2: 1 string mismatch >
    
     -- 7. Failure: sf can change sf_column (@test-write.R#604) --------------------
     `remote` not identical to `local`.
     Component "first": Attributes: < Component "crs": Names: 2 string mismatches >
     Component "first": Attributes: < Component "crs": Component 1: Modes: character, numeric >
     Component "first": Attributes: < Component "crs": Component 1: target is character, current is numeric >
     Component "first": Attributes: < Component "crs": Component 2: 1 string mismatch >
     Component "second": Attributes: < Component "crs": Names: 2 string mismatches >
     Component "second": Attributes: < Component "crs": Component 1: Modes: character, numeric >
     Component "second": Attributes: < Component "crs": Component 1: target is character, current is numeric >
     Component "second": Attributes: < Component "crs": Component 2: 1 string mismatch >
    
     -- 8. Failure: sf data frames with two geometries and lots of other stuff and co
     `remote` not identical to `local`.
     Component "geometry": Attributes: < Component "crs": Names: 2 string mismatches >
     Component "geometry": Attributes: < Component "crs": Component 1: Modes: character, numeric >
     Component "geometry": Attributes: < Component "crs": Component 1: target is character, current is numeric >
     Component "geometry": Attributes: < Component "crs": Component 2: 1 string mismatch >
     Component "second": Attributes: < Component "crs": Names: 2 string mismatches >
     Component "second": Attributes: < Component "crs": Component 1: Modes: character, numeric >
     Component "second": Attributes: < Component "crs": Component 1: target is character, current is numeric >
     Component "second": Attributes: < Component "crs": Component 2: 1 string mismatch >
    
     -- 9. Failure: initialized even with no rows of data (@test-write.R#644) ------
     `remote` not identical to `local`.
     Component "geometry": Attributes: < Component "crs": Component "input": 1 string mismatch >
     Component "second": Attributes: < Component "crs": Component "input": 1 string mismatch >
    
     == testthat results ===========================================================
     [ OK: 496 | SKIPPED: 0 | WARNINGS: 0 | FAILED: 9 ]
     1. Failure: meta reads all classes (@test-meta.R#194)
     2. Failure: meta sfc different types (@test-meta.R#500)
     3. Failure: rws_get_sqlite_query works with meta = TRUE and logical (@test-query.R#51)
     4. Failure: rws_read with meta = FALSE (@test-read.R#68)
     5. Failure: sf data frames with single geometry passed back (@test-write.R#560)
     6. Failure: sf data frames with two geometries and correct one passed back (@test-write.R#582)
     7. Failure: sf can change sf_column (@test-write.R#604)
     8. Failure: sf data frames with two geometries and lots of other stuff and correct one passed back (@test-write.R#624)
     9. Failure: initialized even with no rows of data (@test-write.R#644)
    
     Error: testthat unit tests failed
     Execution halted
Flavor: r-devel-windows-ix86+x86_64-gcc8

Version: 0.1.0
Check: tests
Result: ERROR
     Running ‘testthat.R’ [40s/43s]
    Running the tests in ‘tests/testthat.R’ failed.
    Complete output:
     > library(testthat)
     > library(readwritesqlite)
     >
     > test_check("readwritesqlite")
     ── 1. Failure: meta reads all classes (@test-meta.R#194) ──────────────────────
     `remote` not identical to tibble::as_tibble(local).
     Component "geometry": Attributes: < Component "crs": Component "input": 1 string mismatch >
     Component "geometry": Attributes: < Component "crs": Component "wkt": 1 string mismatch >
    
     ── 2. Failure: meta sfc different types (@test-meta.R#500) ────────────────────
     `remote` not identical to tibble::as_tibble(local).
     Component "zinteger": Attributes: < Component "crs": Component "input": 1 string mismatch >
     Component "zinteger": Attributes: < Component "crs": Component "wkt": 1 string mismatch >
     Component "zreal": Attributes: < Component "crs": Component "input": 1 string mismatch >
     Component "zreal": Attributes: < Component "crs": Component "wkt": 1 string mismatch >
     Component "znumeric": Attributes: < Component "crs": Component "input": 1 string mismatch >
     Component "znumeric": Attributes: < Component "crs": Component "wkt": 1 string mismatch >
     Component "ztext": Attributes: < Component "crs": Component "input": 1 string mismatch >
     Component "ztext": Attributes: < Component "crs": Component "wkt": 1 string mismatch >
     Component "ztextold": Attributes: < Component "crs": Component "input": 1 string mismatch >
     ...
    
     ── 3. Failure: rws_get_sqlite_query works with meta = TRUE and logical (@test-qu
     `remote` not identical to tibble::as_tibble(local).
     Component "geometry": Attributes: < Component "crs": Component "input": 1 string mismatch >
     Component "geometry": Attributes: < Component "crs": Component "wkt": 1 string mismatch >
    
     ── 4. Failure: rws_read with meta = FALSE (@test-read.R#68) ──────────────────
     `remote` not identical to `local`.
     Component "geometry": Attributes: < Component "crs": Names: 2 string mismatches >
     Component "geometry": Attributes: < Component "crs": Component 1: Modes: character, numeric >
     Component "geometry": Attributes: < Component "crs": Component 1: target is character, current is numeric >
     Component "geometry": Attributes: < Component "crs": Component 2: 1 string mismatch >
    
     ── 5. Failure: sf data frames with single geometry passed back (@test-write.R#56
     `remote` not identical to `local`.
     Component "geometry": Attributes: < Component "crs": Names: 2 string mismatches >
     Component "geometry": Attributes: < Component "crs": Component 1: Modes: character, numeric >
     Component "geometry": Attributes: < Component "crs": Component 1: target is character, current is numeric >
     Component "geometry": Attributes: < Component "crs": Component 2: 1 string mismatch >
    
     ── 6. Failure: sf data frames with two geometries and correct one passed back (@
     `remote` not identical to `local`.
     Component "first": Attributes: < Component "crs": Names: 2 string mismatches >
     Component "first": Attributes: < Component "crs": Component 1: Modes: character, numeric >
     Component "first": Attributes: < Component "crs": Component 1: target is character, current is numeric >
     Component "first": Attributes: < Component "crs": Component 2: 1 string mismatch >
     Component "second": Attributes: < Component "crs": Names: 2 string mismatches >
     Component "second": Attributes: < Component "crs": Component 1: Modes: character, numeric >
     Component "second": Attributes: < Component "crs": Component 1: target is character, current is numeric >
     Component "second": Attributes: < Component "crs": Component 2: 1 string mismatch >
    
     ── 7. Failure: sf can change sf_column (@test-write.R#604) ────────────────────
     `remote` not identical to `local`.
     Component "first": Attributes: < Component "crs": Names: 2 string mismatches >
     Component "first": Attributes: < Component "crs": Component 1: Modes: character, numeric >
     Component "first": Attributes: < Component "crs": Component 1: target is character, current is numeric >
     Component "first": Attributes: < Component "crs": Component 2: 1 string mismatch >
     Component "second": Attributes: < Component "crs": Names: 2 string mismatches >
     Component "second": Attributes: < Component "crs": Component 1: Modes: character, numeric >
     Component "second": Attributes: < Component "crs": Component 1: target is character, current is numeric >
     Component "second": Attributes: < Component "crs": Component 2: 1 string mismatch >
    
     ── 8. Failure: sf data frames with two geometries and lots of other stuff and co
     `remote` not identical to `local`.
     Component "geometry": Attributes: < Component "crs": Names: 2 string mismatches >
     Component "geometry": Attributes: < Component "crs": Component 1: Modes: character, numeric >
     Component "geometry": Attributes: < Component "crs": Component 1: target is character, current is numeric >
     Component "geometry": Attributes: < Component "crs": Component 2: 1 string mismatch >
     Component "second": Attributes: < Component "crs": Names: 2 string mismatches >
     Component "second": Attributes: < Component "crs": Component 1: Modes: character, numeric >
     Component "second": Attributes: < Component "crs": Component 1: target is character, current is numeric >
     Component "second": Attributes: < Component "crs": Component 2: 1 string mismatch >
    
     ── 9. Failure: initialized even with no rows of data (@test-write.R#644) ──────
     `remote` not identical to `local`.
     Component "geometry": Attributes: < Component "crs": Component "input": 1 string mismatch >
     Component "geometry": Attributes: < Component "crs": Component "wkt": 1 string mismatch >
     Component "second": Attributes: < Component "crs": Component "input": 1 string mismatch >
     Component "second": Attributes: < Component "crs": Component "wkt": 1 string mismatch >
    
     ══ testthat results ═══════════════════════════════════════════════════════════
     [ OK: 496 | SKIPPED: 0 | WARNINGS: 0 | FAILED: 9 ]
     1. Failure: meta reads all classes (@test-meta.R#194)
     2. Failure: meta sfc different types (@test-meta.R#500)
     3. Failure: rws_get_sqlite_query works with meta = TRUE and logical (@test-query.R#51)
     4. Failure: rws_read with meta = FALSE (@test-read.R#68)
     5. Failure: sf data frames with single geometry passed back (@test-write.R#560)
     6. Failure: sf data frames with two geometries and correct one passed back (@test-write.R#582)
     7. Failure: sf can change sf_column (@test-write.R#604)
     8. Failure: sf data frames with two geometries and lots of other stuff and correct one passed back (@test-write.R#624)
     9. Failure: initialized even with no rows of data (@test-write.R#644)
    
     Error: testthat unit tests failed
     Execution halted
Flavor: r-patched-linux-x86_64

Version: 0.1.0
Check: tests
Result: ERROR
     Running ‘testthat.R’ [55s/67s]
    Running the tests in ‘tests/testthat.R’ failed.
    Complete output:
     > library(testthat)
     > library(readwritesqlite)
     >
     > test_check("readwritesqlite")
     ── 1. Failure: meta reads all classes (@test-meta.R#194) ──────────────────────
     `remote` not identical to tibble::as_tibble(local).
     Component "geometry": Attributes: < Component "crs": Component "input": 1 string mismatch >
    
     ── 2. Failure: meta sfc different types (@test-meta.R#500) ────────────────────
     `remote` not identical to tibble::as_tibble(local).
     Component "zinteger": Attributes: < Component "crs": Component "input": 1 string mismatch >
     Component "zreal": Attributes: < Component "crs": Component "input": 1 string mismatch >
     Component "znumeric": Attributes: < Component "crs": Component "input": 1 string mismatch >
     Component "ztext": Attributes: < Component "crs": Component "input": 1 string mismatch >
     Component "ztextold": Attributes: < Component "crs": Component "input": 1 string mismatch >
     Component "zblob": Attributes: < Component "crs": Component "input": 1 string mismatch >
    
     ── 3. Failure: rws_get_sqlite_query works with meta = TRUE and logical (@test-qu
     `remote` not identical to tibble::as_tibble(local).
     Component "geometry": Attributes: < Component "crs": Component "input": 1 string mismatch >
    
     ── 4. Failure: rws_read with meta = FALSE (@test-read.R#68) ──────────────────
     `remote` not identical to `local`.
     Component "geometry": Attributes: < Component "crs": Names: 2 string mismatches >
     Component "geometry": Attributes: < Component "crs": Component 1: Modes: character, numeric >
     Component "geometry": Attributes: < Component "crs": Component 1: target is character, current is numeric >
     Component "geometry": Attributes: < Component "crs": Component 2: 1 string mismatch >
    
     ── 5. Failure: sf data frames with single geometry passed back (@test-write.R#56
     `remote` not identical to `local`.
     Component "geometry": Attributes: < Component "crs": Names: 2 string mismatches >
     Component "geometry": Attributes: < Component "crs": Component 1: Modes: character, numeric >
     Component "geometry": Attributes: < Component "crs": Component 1: target is character, current is numeric >
     Component "geometry": Attributes: < Component "crs": Component 2: 1 string mismatch >
    
     ── 6. Failure: sf data frames with two geometries and correct one passed back (@
     `remote` not identical to `local`.
     Component "first": Attributes: < Component "crs": Names: 2 string mismatches >
     Component "first": Attributes: < Component "crs": Component 1: Modes: character, numeric >
     Component "first": Attributes: < Component "crs": Component 1: target is character, current is numeric >
     Component "first": Attributes: < Component "crs": Component 2: 1 string mismatch >
     Component "second": Attributes: < Component "crs": Names: 2 string mismatches >
     Component "second": Attributes: < Component "crs": Component 1: Modes: character, numeric >
     Component "second": Attributes: < Component "crs": Component 1: target is character, current is numeric >
     Component "second": Attributes: < Component "crs": Component 2: 1 string mismatch >
    
     ── 7. Failure: sf can change sf_column (@test-write.R#604) ────────────────────
     `remote` not identical to `local`.
     Component "first": Attributes: < Component "crs": Names: 2 string mismatches >
     Component "first": Attributes: < Component "crs": Component 1: Modes: character, numeric >
     Component "first": Attributes: < Component "crs": Component 1: target is character, current is numeric >
     Component "first": Attributes: < Component "crs": Component 2: 1 string mismatch >
     Component "second": Attributes: < Component "crs": Names: 2 string mismatches >
     Component "second": Attributes: < Component "crs": Component 1: Modes: character, numeric >
     Component "second": Attributes: < Component "crs": Component 1: target is character, current is numeric >
     Component "second": Attributes: < Component "crs": Component 2: 1 string mismatch >
    
     ── 8. Failure: sf data frames with two geometries and lots of other stuff and co
     `remote` not identical to `local`.
     Component "geometry": Attributes: < Component "crs": Names: 2 string mismatches >
     Component "geometry": Attributes: < Component "crs": Component 1: Modes: character, numeric >
     Component "geometry": Attributes: < Component "crs": Component 1: target is character, current is numeric >
     Component "geometry": Attributes: < Component "crs": Component 2: 1 string mismatch >
     Component "second": Attributes: < Component "crs": Names: 2 string mismatches >
     Component "second": Attributes: < Component "crs": Component 1: Modes: character, numeric >
     Component "second": Attributes: < Component "crs": Component 1: target is character, current is numeric >
     Component "second": Attributes: < Component "crs": Component 2: 1 string mismatch >
    
     ── 9. Failure: initialized even with no rows of data (@test-write.R#644) ──────
     `remote` not identical to `local`.
     Component "geometry": Attributes: < Component "crs": Component "input": 1 string mismatch >
     Component "second": Attributes: < Component "crs": Component "input": 1 string mismatch >
    
     ══ testthat results ═══════════════════════════════════════════════════════════
     [ OK: 496 | SKIPPED: 0 | WARNINGS: 0 | FAILED: 9 ]
     1. Failure: meta reads all classes (@test-meta.R#194)
     2. Failure: meta sfc different types (@test-meta.R#500)
     3. Failure: rws_get_sqlite_query works with meta = TRUE and logical (@test-query.R#51)
     4. Failure: rws_read with meta = FALSE (@test-read.R#68)
     5. Failure: sf data frames with single geometry passed back (@test-write.R#560)
     6. Failure: sf data frames with two geometries and correct one passed back (@test-write.R#582)
     7. Failure: sf can change sf_column (@test-write.R#604)
     8. Failure: sf data frames with two geometries and lots of other stuff and correct one passed back (@test-write.R#624)
     9. Failure: initialized even with no rows of data (@test-write.R#644)
    
     Error: testthat unit tests failed
     Execution halted
Flavor: r-patched-solaris-x86

Version: 0.1.0
Check: tests
Result: ERROR
     Running ‘testthat.R’ [37s/39s]
    Running the tests in ‘tests/testthat.R’ failed.
    Complete output:
     > library(testthat)
     > library(readwritesqlite)
     >
     > test_check("readwritesqlite")
     ── 1. Failure: meta reads all classes (@test-meta.R#194) ──────────────────────
     `remote` not identical to tibble::as_tibble(local).
     Component "geometry": Attributes: < Component "crs": Component "input": 1 string mismatch >
     Component "geometry": Attributes: < Component "crs": Component "wkt": 1 string mismatch >
    
     ── 2. Failure: meta sfc different types (@test-meta.R#500) ────────────────────
     `remote` not identical to tibble::as_tibble(local).
     Component "zinteger": Attributes: < Component "crs": Component "input": 1 string mismatch >
     Component "zinteger": Attributes: < Component "crs": Component "wkt": 1 string mismatch >
     Component "zreal": Attributes: < Component "crs": Component "input": 1 string mismatch >
     Component "zreal": Attributes: < Component "crs": Component "wkt": 1 string mismatch >
     Component "znumeric": Attributes: < Component "crs": Component "input": 1 string mismatch >
     Component "znumeric": Attributes: < Component "crs": Component "wkt": 1 string mismatch >
     Component "ztext": Attributes: < Component "crs": Component "input": 1 string mismatch >
     Component "ztext": Attributes: < Component "crs": Component "wkt": 1 string mismatch >
     Component "ztextold": Attributes: < Component "crs": Component "input": 1 string mismatch >
     ...
    
     ── 3. Failure: rws_get_sqlite_query works with meta = TRUE and logical (@test-qu
     `remote` not identical to tibble::as_tibble(local).
     Component "geometry": Attributes: < Component "crs": Component "input": 1 string mismatch >
     Component "geometry": Attributes: < Component "crs": Component "wkt": 1 string mismatch >
    
     ── 4. Failure: rws_read with meta = FALSE (@test-read.R#68) ──────────────────
     `remote` not identical to `local`.
     Component "geometry": Attributes: < Component "crs": Names: 2 string mismatches >
     Component "geometry": Attributes: < Component "crs": Component 1: Modes: character, numeric >
     Component "geometry": Attributes: < Component "crs": Component 1: target is character, current is numeric >
     Component "geometry": Attributes: < Component "crs": Component 2: 1 string mismatch >
    
     ── 5. Failure: sf data frames with single geometry passed back (@test-write.R#56
     `remote` not identical to `local`.
     Component "geometry": Attributes: < Component "crs": Names: 2 string mismatches >
     Component "geometry": Attributes: < Component "crs": Component 1: Modes: character, numeric >
     Component "geometry": Attributes: < Component "crs": Component 1: target is character, current is numeric >
     Component "geometry": Attributes: < Component "crs": Component 2: 1 string mismatch >
    
     ── 6. Failure: sf data frames with two geometries and correct one passed back (@
     `remote` not identical to `local`.
     Component "first": Attributes: < Component "crs": Names: 2 string mismatches >
     Component "first": Attributes: < Component "crs": Component 1: Modes: character, numeric >
     Component "first": Attributes: < Component "crs": Component 1: target is character, current is numeric >
     Component "first": Attributes: < Component "crs": Component 2: 1 string mismatch >
     Component "second": Attributes: < Component "crs": Names: 2 string mismatches >
     Component "second": Attributes: < Component "crs": Component 1: Modes: character, numeric >
     Component "second": Attributes: < Component "crs": Component 1: target is character, current is numeric >
     Component "second": Attributes: < Component "crs": Component 2: 1 string mismatch >
    
     ── 7. Failure: sf can change sf_column (@test-write.R#604) ────────────────────
     `remote` not identical to `local`.
     Component "first": Attributes: < Component "crs": Names: 2 string mismatches >
     Component "first": Attributes: < Component "crs": Component 1: Modes: character, numeric >
     Component "first": Attributes: < Component "crs": Component 1: target is character, current is numeric >
     Component "first": Attributes: < Component "crs": Component 2: 1 string mismatch >
     Component "second": Attributes: < Component "crs": Names: 2 string mismatches >
     Component "second": Attributes: < Component "crs": Component 1: Modes: character, numeric >
     Component "second": Attributes: < Component "crs": Component 1: target is character, current is numeric >
     Component "second": Attributes: < Component "crs": Component 2: 1 string mismatch >
    
     ── 8. Failure: sf data frames with two geometries and lots of other stuff and co
     `remote` not identical to `local`.
     Component "geometry": Attributes: < Component "crs": Names: 2 string mismatches >
     Component "geometry": Attributes: < Component "crs": Component 1: Modes: character, numeric >
     Component "geometry": Attributes: < Component "crs": Component 1: target is character, current is numeric >
     Component "geometry": Attributes: < Component "crs": Component 2: 1 string mismatch >
     Component "second": Attributes: < Component "crs": Names: 2 string mismatches >
     Component "second": Attributes: < Component "crs": Component 1: Modes: character, numeric >
     Component "second": Attributes: < Component "crs": Component 1: target is character, current is numeric >
     Component "second": Attributes: < Component "crs": Component 2: 1 string mismatch >
    
     ── 9. Failure: initialized even with no rows of data (@test-write.R#644) ──────
     `remote` not identical to `local`.
     Component "geometry": Attributes: < Component "crs": Component "input": 1 string mismatch >
     Component "geometry": Attributes: < Component "crs": Component "wkt": 1 string mismatch >
     Component "second": Attributes: < Component "crs": Component "input": 1 string mismatch >
     Component "second": Attributes: < Component "crs": Component "wkt": 1 string mismatch >
    
     ══ testthat results ═══════════════════════════════════════════════════════════
     [ OK: 496 | SKIPPED: 0 | WARNINGS: 0 | FAILED: 9 ]
     1. Failure: meta reads all classes (@test-meta.R#194)
     2. Failure: meta sfc different types (@test-meta.R#500)
     3. Failure: rws_get_sqlite_query works with meta = TRUE and logical (@test-query.R#51)
     4. Failure: rws_read with meta = FALSE (@test-read.R#68)
     5. Failure: sf data frames with single geometry passed back (@test-write.R#560)
     6. Failure: sf data frames with two geometries and correct one passed back (@test-write.R#582)
     7. Failure: sf can change sf_column (@test-write.R#604)
     8. Failure: sf data frames with two geometries and lots of other stuff and correct one passed back (@test-write.R#624)
     9. Failure: initialized even with no rows of data (@test-write.R#644)
    
     Error: testthat unit tests failed
     Execution halted
Flavor: r-release-linux-x86_64