CRAN Package Check Results for Package realTimeloads

Last updated on 2024-02-26 18:50:10 CET.

Flavor Version Tinstall Tcheck Ttotal Status Flags
r-devel-linux-x86_64-debian-clang 1.0.0 17.86 172.90 190.76 OK
r-devel-linux-x86_64-debian-gcc 1.0.0 16.20 129.23 145.43 OK
r-devel-linux-x86_64-fedora-clang 1.0.0 231.27 OK
r-devel-linux-x86_64-fedora-gcc 1.0.0 244.66 OK
r-devel-windows-x86_64 1.0.0 18.00 137.00 155.00 OK
r-patched-linux-x86_64 1.0.0 13.72 167.18 180.90 OK
r-release-linux-x86_64 1.0.0 19.89 167.14 187.03 OK
r-release-macos-arm64 1.0.0 57.00 ERROR
r-release-macos-x86_64 1.0.0 99.00 OK
r-release-windows-x86_64 1.0.0 24.00 164.00 188.00 OK
r-oldrel-macos-arm64 1.0.0 58.00 ERROR
r-oldrel-windows-x86_64 1.0.0 22.00 172.00 194.00 OK

Check Details

Version: 1.0.0
Check: examples
Result: ERROR Running examples in ‘realTimeloads-Ex.R’ failed The error most likely occurred in: > ### Name: impute_data > ### Title: Returns x with gaps imputed using ARIMA and Decision Trees, > ### optional uncertainty estimation using Monte Carlo resampling > ### Aliases: impute_data > > ### ** Examples > > # Impute non-tidal data > time <- realTimeloads::ExampleData$Sediment_Samples$time > xo <- realTimeloads::ExampleData$Sediment_Samples$SSCxs_mg_per_liter > Q <- realTimeloads::ExampleData$Discharge$Discharge_m_cubed_per_s > idata <- sample(1:length(xo),round(length(xo)*0.5),replace=FALSE) > x <- rep(NA,length(xo)) > x[idata] <- xo[idata] # simulated samples > flow_concentrtion_ratio <- imputeTS::na_interpolation(Q/x) > Xreg <- cbind(Q,flow_concentrtion_ratio) > Output <- impute_data(time,x,Xreg,MC = 10,ptrain = 0.8) Error in optim(init[mask], getLike, method = "L-BFGS-B", lower = rep(0, : L-BFGS-B needs finite values of 'fn' Calls: impute_data -> <Anonymous> -> <Anonymous> -> optim Execution halted Flavors: r-release-macos-arm64, r-oldrel-macos-arm64