CRAN Package Check Results for Package rebmix

Last updated on 2024-02-28 20:53:32 CET.

Flavor Version Tinstall Tcheck Ttotal Status Flags
r-devel-linux-x86_64-debian-clang 2.15.0 57.26 254.80 312.06 OK
r-devel-linux-x86_64-debian-gcc 2.15.0 44.70 187.59 232.29 OK
r-devel-linux-x86_64-fedora-clang 2.15.0 372.98 OK
r-devel-linux-x86_64-fedora-gcc 2.15.0 412.91 OK
r-devel-windows-x86_64 2.15.0 44.00 266.00 310.00 OK
r-patched-linux-x86_64 2.15.0 58.47 250.71 309.18 OK
r-release-linux-x86_64 2.15.0 59.32 252.18 311.50 OK
r-release-macos-arm64 2.15.0 150.00 NOTE
r-release-macos-x86_64 2.15.0 349.00 NOTE
r-release-windows-x86_64 2.15.0 49.00 313.00 362.00 OK
r-oldrel-macos-arm64 2.15.0 164.00 NOTE
r-oldrel-windows-x86_64 2.15.0 54.00 260.00 314.00 OK

Check Details

Version: 2.15.0
Check: installed package size
Result: NOTE installed size is 5.6Mb sub-directories of 1Mb or more: R 2.0Mb data 1.7Mb Flavors: r-release-macos-arm64, r-release-macos-x86_64, r-oldrel-macos-arm64