CRAN Package Check Results for Package rebus.base

Last updated on 2021-12-06 20:50:22 CET.

Flavor Version Tinstall Tcheck Ttotal Status Flags
r-devel-linux-x86_64-debian-clang 0.0-3 2.56 32.76 35.32 NOTE
r-devel-linux-x86_64-debian-gcc 0.0-3 1.76 26.23 27.99 NOTE
r-devel-linux-x86_64-fedora-clang 0.0-3 45.31 NOTE
r-devel-linux-x86_64-fedora-gcc 0.0-3 34.12 NOTE
r-devel-windows-x86_64-new-UL 0.0-3 11.00 61.00 72.00 NOTE
r-devel-windows-x86_64-new-TK 0.0-3 NOTE
r-devel-windows-x86_64-old 0.0-3 5.00 35.00 40.00 NOTE
r-patched-linux-x86_64 0.0-3 2.80 23.99 26.79 NOTE
r-release-linux-x86_64 0.0-3 2.26 31.95 34.21 NOTE
r-release-macos-arm64 0.0-3 NOTE
r-release-macos-x86_64 0.0-3 NOTE
r-release-windows-ix86+x86_64 0.0-3 5.00 42.00 47.00 NOTE
r-oldrel-macos-x86_64 0.0-3 OK
r-oldrel-windows-ix86+x86_64 0.0-3 7.00 43.00 50.00 OK

Check Details

Version: 0.0-3
Check: LazyData
Result: NOTE
     'LazyData' is specified without a 'data' directory
Flavors: r-devel-linux-x86_64-debian-clang, r-devel-linux-x86_64-debian-gcc, r-devel-linux-x86_64-fedora-clang, r-devel-linux-x86_64-fedora-gcc, r-devel-windows-x86_64-new-UL, r-devel-windows-x86_64-new-TK, r-devel-windows-x86_64-old, r-patched-linux-x86_64, r-release-linux-x86_64, r-release-macos-arm64, r-release-macos-x86_64, r-release-windows-ix86+x86_64

Version: 0.0-3
Check: Rd cross-references
Result: NOTE
    Undeclared package ‘rebus.unicode’ in Rd xrefs
Flavor: r-devel-linux-x86_64-fedora-clang