CRAN Package Check Results for Package recapr

Last updated on 2024-06-16 07:58:33 CEST.

Flavor Version Tinstall Tcheck Ttotal Status Flags
r-devel-linux-x86_64-debian-clang 0.4.4 5.37 98.89 104.26 NOTE
r-devel-linux-x86_64-debian-gcc 0.4.4 3.92 71.71 75.63 NOTE
r-devel-linux-x86_64-fedora-clang 0.4.4 129.13 NOTE
r-devel-linux-x86_64-fedora-gcc 0.4.4 140.50 NOTE
r-devel-windows-x86_64 0.4.4 6.00 120.00 126.00 NOTE
r-patched-linux-x86_64 0.4.4 5.98 97.17 103.15 NOTE
r-release-linux-x86_64 0.4.4 3.73 96.17 99.90 NOTE
r-release-macos-arm64 0.4.4 47.00 NOTE
r-release-macos-x86_64 0.4.4 70.00 NOTE
r-release-windows-x86_64 0.4.4 5.00 122.00 127.00 NOTE
r-oldrel-macos-arm64 0.4.4 49.00 OK
r-oldrel-macos-x86_64 0.4.4 70.00 OK
r-oldrel-windows-x86_64 0.4.4 7.00 130.00 137.00 OK

Check Details

Version: 0.4.4
Check: Rd files
Result: NOTE checkRd: (-1) cistrat.Rd:65: Lost braces 65 | \\link{strattest}, \link{Nstrat}, \link{rstrat}, \link{vstrat}, \link{sestrat}, | ^ checkRd: (-1) consistencytest.Rd:43: Lost braces in \itemize; \value handles \item{}{} directly checkRd: (-1) consistencytest.Rd:44: Lost braces in \itemize; \value handles \item{}{} directly checkRd: (-1) consistencytest.Rd:45: Lost braces in \itemize; \value handles \item{}{} directly checkRd: (-1) consistencytest.Rd:46: Lost braces in \itemize; \value handles \item{}{} directly checkRd: (-1) consistencytest.Rd:47: Lost braces in \itemize; \value handles \item{}{} directly checkRd: (-1) consistencytest.Rd:48: Lost braces in \itemize; \value handles \item{}{} directly checkRd: (-1) consistencytest.Rd:49: Lost braces in \itemize; \value handles \item{}{} directly checkRd: (-1) consistencytest.Rd:50: Lost braces in \itemize; \value handles \item{}{} directly checkRd: (-1) consistencytest.Rd:51: Lost braces in \itemize; \value handles \item{}{} directly checkRd: (-1) consistencytest.Rd:52: Lost braces in \itemize; \value handles \item{}{} directly checkRd: (-1) consistencytest.Rd:53: Lost braces in \itemize; \value handles \item{}{} directly checkRd: (-1) consistencytest.Rd:54: Lost braces in \itemize; \value handles \item{}{} directly checkRd: (-1) powconsistencytest.Rd:33-34: Lost braces in \itemize; \value handles \item{}{} directly checkRd: (-1) powconsistencytest.Rd:34-35: Lost braces in \itemize; \value handles \item{}{} directly checkRd: (-1) powconsistencytest.Rd:35-36: Lost braces in \itemize; \value handles \item{}{} directly checkRd: (-1) powconsistencytest.Rd:36-37: Lost braces in \itemize; \value handles \item{}{} directly checkRd: (-1) powconsistencytest.Rd:37-38: Lost braces in \itemize; \value handles \item{}{} directly checkRd: (-1) powconsistencytest.Rd:38-39: Lost braces in \itemize; \value handles \item{}{} directly checkRd: (-1) powconsistencytest.Rd:39-40: Lost braces in \itemize; \value handles \item{}{} directly checkRd: (-1) powconsistencytest.Rd:40: Lost braces in \itemize; \value handles \item{}{} directly checkRd: (-1) powconsistencytest.Rd:41-42: Lost braces in \itemize; \value handles \item{}{} directly checkRd: (-1) powconsistencytest.Rd:42-43: Lost braces in \itemize; \value handles \item{}{} directly checkRd: (-1) powconsistencytest.Rd:43-44: Lost braces in \itemize; \value handles \item{}{} directly checkRd: (-1) powconsistencytest.Rd:44-45: Lost braces in \itemize; \value handles \item{}{} directly checkRd: (-1) powconsistencytest.Rd:45: Lost braces in \itemize; \value handles \item{}{} directly checkRd: (-1) powconsistencytest.Rd:46-47: Lost braces in \itemize; \value handles \item{}{} directly checkRd: (-1) powconsistencytest.Rd:47-48: Lost braces in \itemize; \value handles \item{}{} directly checkRd: (-1) powconsistencytest.Rd:48: Lost braces in \itemize; \value handles \item{}{} directly checkRd: (-1) powstrattest.Rd:29-31: Lost braces in \itemize; \value handles \item{}{} directly checkRd: (-1) powstrattest.Rd:31-32: Lost braces in \itemize; \value handles \item{}{} directly checkRd: (-1) powstrattest.Rd:33: Lost braces in \itemize; \value handles \item{}{} directly checkRd: (-1) powstrattest.Rd:34: Lost braces in \itemize; \value handles \item{}{} directly checkRd: (-1) powstrattest.Rd:35: Lost braces in \itemize; \value handles \item{}{} directly checkRd: (-1) strattest.Rd:23-24: Lost braces in \itemize; \value handles \item{}{} directly checkRd: (-1) strattest.Rd:24-25: Lost braces in \itemize; \value handles \item{}{} directly checkRd: (-1) strattest.Rd:25-26: Lost braces in \itemize; \value handles \item{}{} directly checkRd: (-1) strattest.Rd:26-27: Lost braces in \itemize; \value handles \item{}{} directly checkRd: (-1) strattest.Rd:27-28: Lost braces in \itemize; \value handles \item{}{} directly checkRd: (-1) strattest.Rd:28-29: Lost braces in \itemize; \value handles \item{}{} directly checkRd: (-1) strattest.Rd:29-30: Lost braces in \itemize; \value handles \item{}{} directly checkRd: (-1) strattest.Rd:31: Lost braces in \itemize; \value handles \item{}{} directly checkRd: (-1) strattest.Rd:32: Lost braces in \itemize; \value handles \item{}{} directly checkRd: (-1) strattest.Rd:33: Lost braces in \itemize; \value handles \item{}{} directly checkRd: (-1) strattest.Rd:34-35: Lost braces in \itemize; \value handles \item{}{} directly checkRd: (-1) strattest.Rd:35-36: Lost braces in \itemize; \value handles \item{}{} directly Flavors: r-devel-linux-x86_64-debian-clang, r-devel-linux-x86_64-debian-gcc, r-devel-linux-x86_64-fedora-clang, r-devel-linux-x86_64-fedora-gcc, r-devel-windows-x86_64, r-patched-linux-x86_64, r-release-linux-x86_64, r-release-macos-arm64, r-release-macos-x86_64, r-release-windows-x86_64