Last updated on 2023-03-25 11:54:41 CET.
Flavor | Version | Tinstall | Tcheck | Ttotal | Status | Flags |
---|---|---|---|---|---|---|
r-devel-linux-x86_64-debian-clang | 0.1.3 | 7.66 | 62.80 | 70.46 | OK | |
r-devel-linux-x86_64-debian-gcc | 0.1.3 | 5.58 | 47.88 | 53.46 | OK | |
r-devel-linux-x86_64-fedora-clang | 0.1.3 | 89.47 | OK | |||
r-devel-linux-x86_64-fedora-gcc | 0.1.3 | 81.60 | OK | |||
r-patched-linux-x86_64 | 0.1.3 | 7.05 | 61.73 | 68.78 | OK | |
r-release-linux-x86_64 | 0.1.3 | 7.78 | 61.45 | 69.23 | OK | |
r-release-macos-arm64 | 0.1.3 | 34.00 | OK | |||
r-release-macos-x86_64 | 0.1.3 | 44.00 | OK | |||
r-release-windows-x86_64 | 0.1.3 | 18.00 | 104.00 | 122.00 | OK | |
r-oldrel-macos-arm64 | 0.1.3 | 34.00 | OK | |||
r-oldrel-macos-x86_64 | 0.1.3 | 52.00 | OK | |||
r-oldrel-windows-ix86+x86_64 | 0.1.3 | 18.00 | 90.00 | 108.00 | NOTE |
Version: 0.1.3
Check: R code for possible problems
Result: NOTE
Initiating curl with CURL_SSL_BACKEND: openssl
Flavor: r-oldrel-windows-ix86+x86_64