CRAN Package Check Results for Package recexcavAAR

Last updated on 2021-05-16 19:49:46 CEST.

Flavor Version Tinstall Tcheck Ttotal Status Flags
r-devel-linux-x86_64-debian-clang 0.3.0 72.41 63.06 135.47 OK
r-devel-linux-x86_64-debian-gcc 0.3.0 48.40 47.70 96.10 OK
r-devel-linux-x86_64-fedora-clang 0.3.0 199.37 NOTE
r-devel-linux-x86_64-fedora-gcc 0.3.0 173.54 OK
r-devel-windows-ix86+x86_64 0.3.0 182.00 88.00 270.00 OK
r-devel-windows-x86_64-gcc10-UCRT 0.3.0 OK
r-patched-linux-x86_64 0.3.0 59.70 59.48 119.18 OK
r-patched-solaris-x86 0.3.0 159.40 WARN
r-release-linux-x86_64 0.3.0 59.23 57.62 116.85 OK
r-release-macos-x86_64 0.3.0 WARN
r-release-windows-ix86+x86_64 0.3.0 149.00 90.00 239.00 OK
r-oldrel-macos-x86_64 0.3.0 WARN
r-oldrel-windows-ix86+x86_64 0.3.0 113.00 113.00 226.00 OK

Check Details

Version: 0.3.0
Check: installed package size
Result: NOTE
     installed size is 5.7Mb
     sub-directories of 1Mb or more:
     doc 2.5Mb
     libs 3.0Mb
Flavor: r-devel-linux-x86_64-fedora-clang

Version: 0.3.0
Check: re-building of vignette outputs
Result: WARN
    Error(s) in re-building vignettes:
     ...
    --- re-building ‘recexcavAAR-vignette-1.Rmd’ using rmarkdown
    Warning in engine$weave(file, quiet = quiet, encoding = enc) :
     Pandoc (>= 1.12.3) not available. Falling back to R Markdown v1.
    Quitting from lines 13-17 (recexcavAAR-vignette-1.Rmd)
    Error: processing vignette 'recexcavAAR-vignette-1.Rmd' failed with diagnostics:
    These vignettes assume pandoc version 1.13.1; older versions will not work.
    --- failed re-building ‘recexcavAAR-vignette-1.Rmd’
    
    --- re-building ‘recexcavAAR-vignette-2.Rmd’ using rmarkdown
    Warning in engine$weave(file, quiet = quiet, encoding = enc) :
     Pandoc (>= 1.12.3) not available. Falling back to R Markdown v1.
    Quitting from lines 13-17 (recexcavAAR-vignette-2.Rmd)
    Error: processing vignette 'recexcavAAR-vignette-2.Rmd' failed with diagnostics:
    These vignettes assume pandoc version 1.13.1; older versions will not work.
    --- failed re-building ‘recexcavAAR-vignette-2.Rmd’
    
    --- re-building ‘recexcavAAR-vignette-3.Rmd’ using rmarkdown
    Warning in engine$weave(file, quiet = quiet, encoding = enc) :
     Pandoc (>= 1.12.3) not available. Falling back to R Markdown v1.
    Quitting from lines 13-17 (recexcavAAR-vignette-3.Rmd)
    Error: processing vignette 'recexcavAAR-vignette-3.Rmd' failed with diagnostics:
    These vignettes assume pandoc version 1.13.1; older versions will not work.
    --- failed re-building ‘recexcavAAR-vignette-3.Rmd’
    
    SUMMARY: processing the following files failed:
     ‘recexcavAAR-vignette-1.Rmd’ ‘recexcavAAR-vignette-2.Rmd’
     ‘recexcavAAR-vignette-3.Rmd’
    
    Error: Vignette re-building failed.
    Execution halted
Flavor: r-patched-solaris-x86

Version: 0.3.0
Check: re-building of vignette outputs
Result: WARN
    Error(s) in re-building vignettes:
    --- re-building ‘recexcavAAR-vignette-1.Rmd’ using rmarkdown
    Warning in engine$weave(file, quiet = quiet, encoding = enc) :
     Pandoc (>= 1.12.3) and/or pandoc-citeproc not available. Falling back to R Markdown v1.
    Quitting from lines 13-17 (recexcavAAR-vignette-1.Rmd)
    Error: processing vignette 'recexcavAAR-vignette-1.Rmd' failed with diagnostics:
    These vignettes assume pandoc version 1.13.1; older versions will not work.
    --- failed re-building ‘recexcavAAR-vignette-1.Rmd’
    
    --- re-building ‘recexcavAAR-vignette-2.Rmd’ using rmarkdown
    Warning in engine$weave(file, quiet = quiet, encoding = enc) :
     Pandoc (>= 1.12.3) and/or pandoc-citeproc not available. Falling back to R Markdown v1.
    Quitting from lines 13-17 (recexcavAAR-vignette-2.Rmd)
    Error: processing vignette 'recexcavAAR-vignette-2.Rmd' failed with diagnostics:
    These vignettes assume pandoc version 1.13.1; older versions will not work.
    --- failed re-building ‘recexcavAAR-vignette-2.Rmd’
    
    --- re-building ‘recexcavAAR-vignette-3.Rmd’ using rmarkdown
    Warning in engine$weave(file, quiet = quiet, encoding = enc) :
     Pandoc (>= 1.12.3) and/or pandoc-citeproc not available. Falling back to R Markdown v1.
    Quitting from lines 13-17 (recexcavAAR-vignette-3.Rmd)
    Error: processing vignette 'recexcavAAR-vignette-3.Rmd' failed with diagnostics:
    These vignettes assume pandoc version 1.13.1; older versions will not work.
    --- failed re-building ‘recexcavAAR-vignette-3.Rmd’
    
    SUMMARY: processing the following files failed:
     ‘recexcavAAR-vignette-1.Rmd’ ‘recexcavAAR-vignette-2.Rmd’
     ‘recexcavAAR-vignette-3.Rmd’
    
    Error: Vignette re-building failed.
    Execution halted
Flavors: r-release-macos-x86_64, r-oldrel-macos-x86_64