Last updated on 2022-08-13 00:51:09 CEST.
Flavor | Version | Tinstall | Tcheck | Ttotal | Status | Flags |
---|---|---|---|---|---|---|
r-devel-linux-x86_64-debian-clang | 1.0.1 | 27.78 | 417.12 | 444.90 | OK | |
r-devel-linux-x86_64-debian-gcc | 1.0.1 | 18.21 | 310.23 | 328.44 | OK | |
r-devel-linux-x86_64-fedora-clang | 1.0.1 | 504.44 | NOTE | |||
r-devel-linux-x86_64-fedora-gcc | 1.0.1 | 553.20 | OK | |||
r-devel-windows-x86_64 | 1.0.1 | 185.00 | 485.00 | 670.00 | OK | |
r-patched-linux-x86_64 | 1.0.1 | 40.70 | 385.58 | 426.28 | OK | |
r-release-linux-x86_64 | 1.0.1 | 23.88 | 384.46 | 408.34 | OK | |
r-release-macos-arm64 | 1.0.1 | 144.00 | OK | |||
r-release-macos-x86_64 | 1.0.1 | 178.00 | OK | |||
r-release-windows-x86_64 | 1.0.1 | 128.00 | 482.00 | 610.00 | OK | |
r-oldrel-macos-arm64 | 1.0.1 | 132.00 | OK | |||
r-oldrel-macos-x86_64 | 1.0.1 | 191.00 | OK | |||
r-oldrel-windows-ix86+x86_64 | 1.0.1 | 49.00 | 489.00 | 538.00 | OK |
Version: 1.0.1
Check: Rd cross-references
Result: NOTE
Undeclared packages ‘fastICA’, ‘dimRed’ in Rd xrefs
Flavor: r-devel-linux-x86_64-fedora-clang