CRAN Package Check Results for Package recmap

Last updated on 2019-05-20 18:54:19 CEST.

Flavor Version Tinstall Tcheck Ttotal Status Flags
r-devel-linux-x86_64-debian-clang 1.0.1 19.85 152.14 171.99 OK
r-devel-linux-x86_64-debian-gcc 1.0.1 16.13 107.20 123.33 OK
r-devel-linux-x86_64-fedora-clang 1.0.1 214.96 NOTE
r-devel-linux-x86_64-fedora-gcc 1.0.1 190.92 NOTE
r-devel-windows-ix86+x86_64 1.0.1 66.00 233.00 299.00 OK
r-patched-linux-x86_64 1.0.1 19.47 137.73 157.20 OK
r-patched-solaris-x86 1.0.1 216.40 NOTE
r-release-linux-x86_64 1.0.1 17.76 136.86 154.62 OK
r-release-windows-ix86+x86_64 1.0.1 62.00 235.00 297.00 OK
r-release-osx-x86_64 1.0.1 NOTE
r-oldrel-windows-ix86+x86_64 1.0.1 40.00 194.00 234.00 OK
r-oldrel-osx-x86_64 1.0.1 NOTE

Check Details

Version: 1.0.1
Check: data for non-ASCII characters
Result: NOTE
     Note: found 1036 marked UTF-8 strings
Flavors: r-devel-linux-x86_64-fedora-clang, r-devel-linux-x86_64-fedora-gcc, r-patched-solaris-x86, r-release-osx-x86_64, r-oldrel-osx-x86_64