CRAN Package Check Results for Package recoder

Last updated on 2022-08-14 07:54:47 CEST.

Flavor Version Tinstall Tcheck Ttotal Status Flags
r-devel-linux-x86_64-debian-clang 0.1 2.21 22.84 25.05 OK
r-devel-linux-x86_64-debian-gcc 0.1 1.66 18.12 19.78 OK
r-devel-linux-x86_64-fedora-clang 0.1 41.76 NOTE
r-devel-linux-x86_64-fedora-gcc 0.1 40.12 OK
r-devel-windows-x86_64 0.1 10.00 52.00 62.00 OK
r-patched-linux-x86_64 0.1 1.77 22.42 24.19 OK
r-release-linux-x86_64 0.1 1.81 22.16 23.97 OK
r-release-macos-arm64 0.1 14.00 OK
r-release-macos-x86_64 0.1 20.00 OK
r-release-windows-x86_64 0.1 8.00 53.00 61.00 OK
r-oldrel-macos-arm64 0.1 18.00 OK
r-oldrel-macos-x86_64 0.1 24.00 OK
r-oldrel-windows-ix86+x86_64 0.1 5.00 43.00 48.00 OK

Check Details

Version: 0.1
Check: Rd cross-references
Result: NOTE
    Undeclared package ‘car’ in Rd xrefs
Flavor: r-devel-linux-x86_64-fedora-clang