Last updated on 2022-05-19 03:56:06 CEST.
Flavor | Version | Tinstall | Tcheck | Ttotal | Status | Flags |
---|---|---|---|---|---|---|
r-devel-linux-x86_64-debian-clang | 0.1.0 | 5.47 | 193.30 | 198.77 | OK | |
r-devel-linux-x86_64-debian-gcc | 0.1.0 | 3.30 | 138.86 | 142.16 | OK | |
r-devel-linux-x86_64-fedora-clang | 0.1.0 | 234.67 | NOTE | |||
r-devel-linux-x86_64-fedora-gcc | 0.1.0 | 234.39 | OK | |||
r-devel-windows-x86_64 | 0.1.0 | 70.00 | 204.00 | 274.00 | OK | |
r-patched-linux-x86_64 | 0.1.0 | 4.46 | 186.21 | 190.67 | OK | |
r-release-linux-x86_64 | 0.1.0 | 5.01 | 183.91 | 188.92 | OK | |
r-release-macos-arm64 | 0.1.0 | 94.00 | OK | |||
r-release-macos-x86_64 | 0.1.0 | 142.00 | OK | |||
r-release-windows-x86_64 | 0.1.0 | 92.00 | 207.00 | 299.00 | OK | |
r-oldrel-macos-arm64 | 0.1.0 | 76.00 | OK | |||
r-oldrel-macos-x86_64 | 0.1.0 | 120.00 | OK | |||
r-oldrel-windows-ix86+x86_64 | 0.1.0 | 11.00 | 224.00 | 235.00 | OK |
Version: 0.1.0
Check: Rd cross-references
Result: NOTE
Undeclared package ‘jpeg’ in Rd xrefs
Flavor: r-devel-linux-x86_64-fedora-clang