Last updated on 2023-12-09 12:49:33 CET.
Flavor | Version | Tinstall | Tcheck | Ttotal | Status | Flags |
---|---|---|---|---|---|---|
r-devel-linux-x86_64-debian-clang | 1.0 | 16.70 | 25.38 | 42.08 | NOTE | |
r-devel-linux-x86_64-debian-gcc | 1.0 | 13.56 | 20.11 | 33.67 | NOTE | |
r-devel-linux-x86_64-fedora-clang | 1.0 | 64.35 | NOTE | |||
r-devel-linux-x86_64-fedora-gcc | 1.0 | 61.44 | NOTE | |||
r-devel-windows-x86_64 | 1.0 | 17.00 | 66.00 | 83.00 | NOTE | |
r-patched-linux-x86_64 | 1.0 | 17.86 | 25.47 | 43.33 | OK | |
r-release-linux-x86_64 | 1.0 | 15.96 | 25.48 | 41.44 | OK | |
r-release-macos-arm64 | 1.0 | 20.00 | OK | |||
r-release-macos-x86_64 | 1.0 | 29.00 | OK | |||
r-release-windows-x86_64 | 1.0 | 19.00 | 66.00 | 85.00 | OK | |
r-oldrel-macos-arm64 | 1.0 | 23.00 | OK | |||
r-oldrel-macos-x86_64 | 1.0 | 31.00 | OK | |||
r-oldrel-windows-x86_64 | 1.0 | 21.00 | 74.00 | 95.00 | OK |
Version: 1.0
Check: Rd contents
Result: NOTE
Auto-generated content requiring editing in Rd file 'recom-package.Rd':
\examples: ‘\dontrun{ ## Optional simple examples of the most impor...’
Flavors: r-devel-linux-x86_64-debian-clang, r-devel-linux-x86_64-debian-gcc, r-devel-linux-x86_64-fedora-clang, r-devel-linux-x86_64-fedora-gcc, r-devel-windows-x86_64