CRAN Package Check Results for Package recommenderlabBX

Last updated on 2020-08-05 06:47:33 CEST.

Flavor Version Tinstall Tcheck Ttotal Status Flags
r-devel-linux-x86_64-debian-clang 0.1-1 6.52 56.08 62.60 OK
r-devel-linux-x86_64-debian-gcc 0.1-1 5.56 44.06 49.62 OK
r-devel-linux-x86_64-fedora-clang 0.1-1 83.21 NOTE
r-devel-linux-x86_64-fedora-gcc 0.1-1 75.29 OK
r-devel-windows-ix86+x86_64 0.1-1 23.00 70.00 93.00 NOTE
r-patched-linux-x86_64 0.1-1 6.05 55.07 61.12 OK
r-patched-solaris-x86 0.1-1 120.30 NOTE
r-release-linux-x86_64 0.1-1 7.08 55.67 62.75 OK
r-release-macos-x86_64 0.1-1 NOTE
r-release-windows-ix86+x86_64 0.1-1 20.00 91.00 111.00 NOTE
r-oldrel-macos-x86_64 0.1-1 NOTE
r-oldrel-windows-ix86+x86_64 0.1-1 13.00 88.00 101.00 NOTE

Check Details

Version: 0.1-1
Check: installed package size
Result: NOTE
     installed size is 8.9Mb
     sub-directories of 1Mb or more:
     data 8.8Mb
Flavors: r-devel-linux-x86_64-fedora-clang, r-devel-windows-ix86+x86_64, r-patched-solaris-x86, r-release-macos-x86_64, r-release-windows-ix86+x86_64, r-oldrel-macos-x86_64, r-oldrel-windows-ix86+x86_64