CRAN Package Check Results for Package red

Last updated on 2019-07-22 13:47:04 CEST.

Flavor Version Tinstall Tcheck Ttotal Status Flags
r-devel-linux-x86_64-debian-clang 1.4.0 11.82 100.88 112.70 OK
r-devel-linux-x86_64-debian-gcc 1.4.0 11.27 80.50 91.77 OK
r-devel-linux-x86_64-fedora-clang 1.4.0 137.62 OK
r-devel-linux-x86_64-fedora-gcc 1.4.0 161.13 OK
r-devel-windows-ix86+x86_64 1.4.0 29.00 185.00 214.00 OK
r-patched-linux-x86_64 1.4.0 13.04 100.54 113.58 OK
r-patched-solaris-x86 1.4.0 209.60 OK
r-release-linux-x86_64 1.4.0 12.75 100.21 112.96 OK
r-release-windows-ix86+x86_64 1.4.0 25.00 131.00 156.00 OK
r-release-osx-x86_64 1.4.0 WARN
r-oldrel-windows-ix86+x86_64 1.4.0 28.00 127.00 155.00 OK
r-oldrel-osx-x86_64 1.4.0 OK

Check Details

Version: 1.4.0
Check: whether package can be installed
Result: WARN
    Found the following significant warnings:
     Warning: 'rgl_init' failed, running with rgl.useNULL = TRUE
Flavor: r-release-osx-x86_64