Last updated on 2023-03-29 21:55:38 CEST.
Flavor | Version | Tinstall | Tcheck | Ttotal | Status | Flags |
---|---|---|---|---|---|---|
r-devel-linux-x86_64-debian-clang | 0.5.4 | 64.41 | 111.24 | 175.65 | NOTE | |
r-devel-linux-x86_64-debian-gcc | 0.5.4 | 50.42 | 82.78 | 133.20 | NOTE | |
r-devel-linux-x86_64-fedora-clang | 0.5.4 | 249.37 | NOTE | |||
r-devel-linux-x86_64-fedora-gcc | 0.5.4 | 246.15 | NOTE | |||
r-patched-linux-x86_64 | 0.5.4 | 55.02 | 108.74 | 163.76 | NOTE | |
r-release-linux-x86_64 | 0.5.4 | 54.53 | 102.79 | 157.32 | OK | |
r-release-macos-arm64 | 0.5.4 | 65.00 | NOTE | |||
r-release-macos-x86_64 | 0.5.4 | 83.00 | NOTE | |||
r-release-windows-x86_64 | 0.5.4 | 86.00 | 168.00 | 254.00 | NOTE | |
r-oldrel-macos-arm64 | 0.5.4 | 61.00 | NOTE | |||
r-oldrel-macos-x86_64 | 0.5.4 | 87.00 | NOTE | |||
r-oldrel-windows-ix86+x86_64 | 0.5.4 | 161.00 | 185.00 | 346.00 | NOTE |
Version: 0.5.4
Check: C++ specification
Result: NOTE
Specified C++11: please drop specification unless essential
Flavors: r-devel-linux-x86_64-debian-clang, r-devel-linux-x86_64-debian-gcc, r-devel-linux-x86_64-fedora-clang, r-devel-linux-x86_64-fedora-gcc, r-patched-linux-x86_64
Version: 0.5.4
Check: installed package size
Result: NOTE
installed size is 7.0Mb
sub-directories of 1Mb or more:
doc 3.3Mb
libs 3.1Mb
Flavors: r-release-macos-arm64, r-release-macos-x86_64, r-release-windows-x86_64, r-oldrel-macos-arm64, r-oldrel-macos-x86_64, r-oldrel-windows-ix86+x86_64