CRAN Package Check Results for Package redcapAPI

Last updated on 2019-06-16 20:47:15 CEST.

Flavor Version Tinstall Tcheck Ttotal Status Flags
r-devel-linux-x86_64-debian-clang 2.2 4.04 28.77 32.81 OK
r-devel-linux-x86_64-debian-gcc 2.2 3.10 23.04 26.14 OK
r-devel-linux-x86_64-fedora-clang 2.2 39.29 NOTE
r-devel-linux-x86_64-fedora-gcc 2.2 37.93 NOTE
r-devel-windows-ix86+x86_64 2.2 11.00 60.00 71.00 OK
r-patched-linux-x86_64 2.2 4.67 28.99 33.66 OK
r-patched-solaris-x86 2.2 55.70 NOTE
r-release-linux-x86_64 2.2 4.82 29.08 33.90 OK
r-release-windows-ix86+x86_64 2.2 8.00 55.00 63.00 OK
r-release-osx-x86_64 2.2 NOTE
r-oldrel-windows-ix86+x86_64 2.2 6.00 56.00 62.00 OK
r-oldrel-osx-x86_64 2.2 NOTE

Check Details

Version: 2.2
Check: dependencies in R code
Result: NOTE
    Namespaces in Imports field not imported from:
     ‘DBI’ ‘readr’
     All declared Imports should be used.
Flavors: r-devel-linux-x86_64-fedora-clang, r-devel-linux-x86_64-fedora-gcc, r-patched-solaris-x86, r-release-osx-x86_64, r-oldrel-osx-x86_64