CRAN Package Check Results for Package redcapAPI

Last updated on 2019-04-21 20:48:31 CEST.

Flavor Version Tinstall Tcheck Ttotal Status Flags
r-devel-linux-x86_64-debian-clang 2.2 3.92 29.34 33.26 OK
r-devel-linux-x86_64-debian-gcc 2.2 3.49 23.11 26.60 OK
r-devel-linux-x86_64-fedora-clang 2.2 40.95 NOTE
r-devel-linux-x86_64-fedora-gcc 2.2 37.67 NOTE
r-devel-windows-ix86+x86_64 2.2 10.00 36.00 46.00 OK
r-patched-linux-x86_64 2.2 4.63 29.10 33.73 OK
r-patched-solaris-x86 2.2 53.50 NOTE
r-release-linux-x86_64 2.2 3.33 27.39 30.72 OK
r-release-windows-ix86+x86_64 2.2 6.00 59.00 65.00 OK
r-release-osx-x86_64 2.2 NOTE
r-oldrel-windows-ix86+x86_64 2.2 8.00 52.00 60.00 OK
r-oldrel-osx-x86_64 2.2 NOTE

Check Details

Version: 2.2
Check: dependencies in R code
Result: NOTE
    Namespaces in Imports field not imported from:
     ‘DBI’ ‘readr’
     All declared Imports should be used.
Flavors: r-devel-linux-x86_64-fedora-clang, r-devel-linux-x86_64-fedora-gcc, r-patched-solaris-x86, r-release-osx-x86_64, r-oldrel-osx-x86_64