Last updated on 2023-06-06 14:59:36 CEST.
Flavor | Version | Tinstall | Tcheck | Ttotal | Status | Flags |
---|---|---|---|---|---|---|
r-devel-linux-x86_64-debian-clang | 0.4.0 | 9.85 | 75.97 | 85.82 | NOTE | |
r-devel-linux-x86_64-debian-gcc | 0.4.0 | 7.29 | 56.70 | 63.99 | NOTE | |
r-devel-linux-x86_64-fedora-clang | 0.4.0 | 106.71 | NOTE | |||
r-devel-linux-x86_64-fedora-gcc | 0.4.0 | 99.41 | NOTE | |||
r-devel-windows-x86_64 | 0.4.0 | 9.00 | 91.00 | 100.00 | OK | |
r-patched-linux-x86_64 | 0.4.0 | 6.39 | 71.39 | 77.78 | NOTE | |
r-release-linux-x86_64 | 0.4.0 | 5.27 | 70.71 | 75.98 | NOTE | |
r-release-macos-arm64 | 0.4.0 | 36.00 | OK | |||
r-release-macos-x86_64 | 0.4.0 | 62.00 | OK | |||
r-release-windows-x86_64 | 0.4.0 | 12.00 | 101.00 | 113.00 | OK | |
r-oldrel-macos-arm64 | 0.4.0 | 37.00 | OK | |||
r-oldrel-macos-x86_64 | 0.4.0 | 67.00 | OK | |||
r-oldrel-windows-x86_64 | 0.4.0 | 11.00 | 111.00 | 122.00 | OK |
Version: 0.4.0
Check: for non-standard things in the check directory
Result: NOTE
Found the following files/directories:
‘Filled.RData’ ‘cleaned.RData’ ‘days’ ‘gridded’
Flavors: r-devel-linux-x86_64-debian-clang, r-devel-linux-x86_64-debian-gcc, r-devel-linux-x86_64-fedora-clang, r-devel-linux-x86_64-fedora-gcc, r-patched-linux-x86_64, r-release-linux-x86_64