CRAN Package Check Results for Package reddPrec

Last updated on 2020-04-06 11:47:39 CEST.

Flavor Version Tinstall Tcheck Ttotal Status Flags
r-devel-linux-x86_64-debian-clang 0.4.0 5.74 43.61 49.35 NOTE
r-devel-linux-x86_64-debian-gcc 0.4.0 4.81 34.49 39.30 NOTE
r-devel-linux-x86_64-fedora-clang 0.4.0 58.73 NOTE
r-devel-linux-x86_64-fedora-gcc 0.4.0 58.93 NOTE
r-devel-windows-ix86+x86_64 0.4.0 16.00 69.00 85.00 OK
r-devel-windows-ix86+x86_64-gcc8 0.4.0 9.00 70.00 79.00 OK
r-patched-linux-x86_64 0.4.0 5.24 42.87 48.11 NOTE
r-patched-solaris-x86 0.4.0 112.00 NOTE
r-release-linux-x86_64 0.4.0 4.70 39.06 43.76 OK
r-release-windows-ix86+x86_64 0.4.0 10.00 102.00 112.00 OK
r-release-osx-x86_64 0.4.0 OK
r-oldrel-windows-ix86+x86_64 0.4.0 8.00 66.00 74.00 OK
r-oldrel-osx-x86_64 0.4.0 OK

Check Details

Version: 0.4.0
Check: for non-standard things in the check directory
Result: NOTE
    Found the following files/directories:
     'Filled.RData' 'cleaned.RData' 'days' 'gridded'
Flavors: r-devel-linux-x86_64-debian-clang, r-devel-linux-x86_64-debian-gcc, r-devel-linux-x86_64-fedora-clang, r-devel-linux-x86_64-fedora-gcc, r-patched-linux-x86_64, r-patched-solaris-x86