CRAN Package Check Results for Package redland

Last updated on 2020-03-30 16:48:52 CEST.

Flavor Version Tinstall Tcheck Ttotal Status Flags
r-devel-linux-x86_64-debian-clang 1.0.17-11 13.25 63.49 76.74 OK
r-devel-linux-x86_64-debian-gcc 1.0.17-11 10.55 50.20 60.75 OK
r-devel-linux-x86_64-fedora-clang 1.0.17-11 92.15 NOTE
r-devel-linux-x86_64-fedora-gcc 1.0.17-11 92.25 NOTE
r-devel-windows-ix86+x86_64 1.0.17-11 40.00 110.00 150.00 NOTE
r-devel-windows-ix86+x86_64-gcc8 1.0.17-11 41.00 114.00 155.00 NOTE
r-patched-linux-x86_64 1.0.17-11 12.32 61.97 74.29 OK
r-patched-solaris-x86 1.0.17-11 134.80 OK
r-release-linux-x86_64 1.0.17-11 10.59 58.15 68.74 OK
r-release-windows-ix86+x86_64 1.0.17-11 48.00 170.00 218.00 NOTE
r-release-osx-x86_64 1.0.17-11 OK
r-oldrel-windows-ix86+x86_64 1.0.17-11 51.00 168.00 219.00 NOTE
r-oldrel-osx-x86_64 1.0.17-11 OK

Check Details

Version: 1.0.17-11
Check: top-level files
Result: NOTE
    ‘configure’: /bin/bash is not portable
Flavors: r-devel-linux-x86_64-fedora-clang, r-devel-linux-x86_64-fedora-gcc

Version: 1.0.17-11
Check: installed package size
Result: NOTE
     installed size is 5.9Mb
     sub-directories of 1Mb or more:
     libs 5.0Mb
Flavors: r-devel-windows-ix86+x86_64, r-devel-windows-ix86+x86_64-gcc8, r-release-windows-ix86+x86_64, r-oldrel-windows-ix86+x86_64