CRAN Package Check Results for Package redlistr

Last updated on 2022-01-28 23:00:49 CET.

Flavor Version Tinstall Tcheck Ttotal Status Flags
r-devel-linux-x86_64-debian-clang 1.0.3 25.87 542.18 568.05 NOTE
r-devel-linux-x86_64-debian-gcc 1.0.3 21.33 402.62 423.95 NOTE
r-devel-linux-x86_64-fedora-clang 1.0.3 458.40 NOTE
r-devel-linux-x86_64-fedora-gcc 1.0.3 457.04 NOTE
r-devel-windows-x86_64-new-UL 1.0.3 64.00 537.00 601.00 NOTE
r-devel-windows-x86_64-new-TK 1.0.3 NOTE
r-patched-linux-x86_64 1.0.3 24.23 463.85 488.08 NOTE
r-release-linux-x86_64 1.0.3 25.60 327.03 352.63 NOTE
r-release-macos-arm64 1.0.3 NOTE
r-release-macos-x86_64 1.0.3 NOTE
r-release-windows-ix86+x86_64 1.0.3 54.00 375.00 429.00 NOTE
r-oldrel-macos-x86_64 1.0.3 OK
r-oldrel-windows-ix86+x86_64 1.0.3 57.00 614.00 671.00 OK

Check Details

Version: 1.0.3
Check: LazyData
Result: NOTE
     'LazyData' is specified without a 'data' directory
Flavors: r-devel-linux-x86_64-debian-clang, r-devel-linux-x86_64-debian-gcc, r-devel-linux-x86_64-fedora-clang, r-devel-linux-x86_64-fedora-gcc, r-devel-windows-x86_64-new-UL, r-devel-windows-x86_64-new-TK, r-patched-linux-x86_64, r-release-linux-x86_64, r-release-macos-arm64, r-release-macos-x86_64, r-release-windows-ix86+x86_64