CRAN Package Check Results for Package reghelper

Last updated on 2021-09-24 19:49:50 CEST.

Flavor Version Tinstall Tcheck Ttotal Status Flags
r-devel-linux-x86_64-debian-clang 1.0.2 3.88 54.14 58.02 NOTE
r-devel-linux-x86_64-debian-gcc 1.0.2 3.84 40.23 44.07 NOTE
r-devel-linux-x86_64-fedora-clang 1.0.2 75.58 NOTE
r-devel-linux-x86_64-fedora-gcc 1.0.2 66.93 NOTE
r-devel-windows-x86_64 1.0.2 5.00 60.00 65.00 NOTE
r-devel-windows-x86_64-gcc10-UCRT 1.0.2 NOTE
r-patched-linux-x86_64 1.0.2 4.67 50.42 55.09 NOTE
r-patched-solaris-x86 1.0.2 92.10 NOTE
r-release-linux-x86_64 1.0.2 4.36 49.89 54.25 NOTE
r-release-macos-arm64 1.0.2 NOTE
r-release-macos-x86_64 1.0.2 NOTE
r-release-windows-ix86+x86_64 1.0.2 8.00 55.00 63.00 NOTE
r-oldrel-macos-x86_64 1.0.2 OK
r-oldrel-windows-ix86+x86_64 1.0.2 6.00 56.00 62.00 OK

Check Details

Version: 1.0.2
Check: LazyData
Result: NOTE
     'LazyData' is specified without a 'data' directory
Flavors: r-devel-linux-x86_64-debian-clang, r-devel-linux-x86_64-debian-gcc, r-devel-linux-x86_64-fedora-clang, r-devel-linux-x86_64-fedora-gcc, r-devel-windows-x86_64, r-devel-windows-x86_64-gcc10-UCRT, r-patched-linux-x86_64, r-patched-solaris-x86, r-release-linux-x86_64, r-release-macos-arm64, r-release-macos-x86_64, r-release-windows-ix86+x86_64