CRAN Package Check Results for Package regions

Last updated on 2020-08-03 13:49:08 CEST.

Flavor Version Tinstall Tcheck Ttotal Status Flags
r-devel-linux-x86_64-debian-clang 0.1.5 8.23 71.76 79.99 OK
r-devel-linux-x86_64-debian-gcc 0.1.5 7.88 54.99 62.87 OK
r-devel-linux-x86_64-fedora-clang 0.1.5 105.00 NOTE
r-devel-linux-x86_64-fedora-gcc 0.1.5 94.17 NOTE
r-devel-windows-ix86+x86_64 0.1.5 36.00 84.00 120.00 OK
r-patched-linux-x86_64 0.1.5 8.43 69.54 77.97 OK
r-patched-solaris-x86 0.1.5 151.20 NOTE
r-release-linux-x86_64 0.1.5 8.08 70.26 78.34 OK
r-release-macos-x86_64 0.1.5 NOTE
r-release-windows-ix86+x86_64 0.1.5 35.00 97.00 132.00 OK
r-oldrel-macos-x86_64 0.1.5 NOTE
r-oldrel-windows-ix86+x86_64 0.1.5 18.00 78.00 96.00 OK

Check Details

Version: 0.1.5
Check: dependencies in R code
Result: NOTE
    Namespaces in Imports field not imported from:
     ‘glue’ ‘rlang’ ‘testthat’
     All declared Imports should be used.
Flavors: r-devel-linux-x86_64-fedora-clang, r-devel-linux-x86_64-fedora-gcc, r-patched-solaris-x86, r-release-macos-x86_64, r-oldrel-macos-x86_64

Version: 0.1.5
Check: data for non-ASCII characters
Result: NOTE
     Note: found 2 marked Latin-1 strings
     Note: found 50022 marked UTF-8 strings
Flavors: r-devel-linux-x86_64-fedora-clang, r-devel-linux-x86_64-fedora-gcc, r-patched-solaris-x86, r-release-macos-x86_64, r-oldrel-macos-x86_64