CRAN Package Check Results for Package registr

Last updated on 2020-08-05 20:48:06 CEST.

Flavor Version Tinstall Tcheck Ttotal Status Flags
r-devel-linux-x86_64-debian-clang 1.0.0 59.42 173.73 233.15 OK
r-devel-linux-x86_64-debian-gcc 1.0.0 44.37 125.20 169.57 OK
r-devel-linux-x86_64-fedora-clang 1.0.0 293.41 NOTE
r-devel-linux-x86_64-fedora-gcc 1.0.0 275.30 NOTE
r-devel-windows-ix86+x86_64 1.0.0 169.00 354.00 523.00 OK
r-patched-linux-x86_64 1.0.0 46.43 165.68 212.11 OK
r-patched-solaris-x86 1.0.0 351.50 NOTE
r-release-linux-x86_64 1.0.0 49.09 170.92 220.01 OK
r-release-macos-x86_64 1.0.0 NOTE
r-release-windows-ix86+x86_64 1.0.0 169.00 275.00 444.00 OK
r-oldrel-macos-x86_64 1.0.0 NOTE
r-oldrel-windows-ix86+x86_64 1.0.0 118.00 239.00 357.00 OK

Check Details

Version: 1.0.0
Check: dependencies in R code
Result: NOTE
    Namespaces in Imports field not imported from:
     ‘ggplot2’ ‘gridExtra’
     All declared Imports should be used.
Flavors: r-devel-linux-x86_64-fedora-clang, r-devel-linux-x86_64-fedora-gcc, r-patched-solaris-x86, r-release-macos-x86_64, r-oldrel-macos-x86_64