Last updated on 2023-12-02 18:53:54 CET.
Flavor | Version | Tinstall | Tcheck | Ttotal | Status | Flags |
---|---|---|---|---|---|---|
r-devel-linux-x86_64-debian-clang | 1.2-7 | 8.10 | 74.26 | 82.36 | OK | |
r-devel-linux-x86_64-debian-gcc | 1.2-7 | 8.40 | 56.60 | 65.00 | OK | |
r-devel-linux-x86_64-fedora-clang | 1.2-7 | 105.72 | NOTE | |||
r-devel-linux-x86_64-fedora-gcc | 1.2-7 | 103.27 | OK | |||
r-devel-windows-x86_64 | 1.2-7 | 13.00 | 75.00 | 88.00 | OK | |
r-patched-linux-x86_64 | 1.2-7 | 10.31 | 72.96 | 83.27 | OK | |
r-release-linux-x86_64 | 1.2-7 | 8.19 | 73.51 | 81.70 | OK | |
r-release-macos-arm64 | 1.2-7 | 38.00 | OK | |||
r-release-macos-x86_64 | 1.2-7 | 86.00 | OK | |||
r-release-windows-x86_64 | 1.2-7 | 15.00 | 84.00 | 99.00 | OK | |
r-oldrel-macos-arm64 | 1.2-7 | 36.00 | OK | |||
r-oldrel-macos-x86_64 | 1.2-7 | 52.00 | OK | |||
r-oldrel-windows-x86_64 | 1.2-7 | 14.00 | 89.00 | 103.00 | OK |
Version: 1.2-7
Check: Rd cross-references
Result: NOTE
Undeclared package ‘monomvn’ in Rd xrefs
Flavor: r-devel-linux-x86_64-fedora-clang