Last updated on 2023-10-04 00:01:57 CEST.
Flavor | Version | Tinstall | Tcheck | Ttotal | Status | Flags |
---|---|---|---|---|---|---|
r-devel-linux-x86_64-debian-clang | 2.1.0 | 67.08 | 90.24 | 157.32 | NOTE | |
r-devel-linux-x86_64-debian-gcc | 2.1.0 | 43.65 | 70.41 | 114.06 | NOTE | |
r-devel-linux-x86_64-fedora-clang | 2.1.0 | 213.64 | NOTE | |||
r-devel-linux-x86_64-fedora-gcc | 2.1.0 | 213.11 | NOTE | |||
r-devel-windows-x86_64 | 2.1.0 | 47.00 | 108.00 | 155.00 | NOTE | |
r-patched-linux-x86_64 | 2.1.0 | 59.48 | 88.03 | 147.51 | NOTE | |
r-release-linux-x86_64 | 2.1.0 | 58.57 | 88.56 | 147.13 | NOTE | |
r-release-macos-arm64 | 2.1.0 | 85.00 | NOTE | |||
r-release-macos-x86_64 | 2.1.0 | 98.00 | NOTE | |||
r-release-windows-x86_64 | 2.1.0 | 65.00 | 127.00 | 192.00 | NOTE | |
r-oldrel-macos-arm64 | 2.1.0 | 61.00 | OK | |||
r-oldrel-macos-x86_64 | 2.1.0 | 73.00 | OK | |||
r-oldrel-windows-x86_64 | 2.1.0 | 59.00 | 132.00 | 191.00 | OK |
Version: 2.1.0
Check: C++ specification
Result: NOTE
Specified C++11: please drop specification unless essential
Flavors: r-devel-linux-x86_64-debian-clang, r-devel-linux-x86_64-debian-gcc, r-devel-linux-x86_64-fedora-clang, r-devel-linux-x86_64-fedora-gcc, r-devel-windows-x86_64, r-patched-linux-x86_64, r-release-linux-x86_64, r-release-macos-arm64, r-release-macos-x86_64, r-release-windows-x86_64