CRAN Package Check Results for Package regnet

Last updated on 2021-10-23 22:57:59 CEST.

Flavor Version Tinstall Tcheck Ttotal Status Flags
r-devel-linux-x86_64-debian-clang 0.4.0 160.14 33.40 193.54 OK
r-devel-linux-x86_64-debian-gcc 0.4.0 113.48 26.22 139.70 OK
r-devel-linux-x86_64-fedora-clang 0.4.0 326.89 NOTE
r-devel-linux-x86_64-fedora-gcc 0.4.0 276.86 OK
r-devel-windows-x86_64 0.4.0 221.00 49.00 270.00 OK
r-devel-windows-x86_64-gcc10-UCRT 0.4.0 OK
r-patched-linux-x86_64 0.4.0 149.60 32.54 182.14 OK
r-patched-solaris-x86 0.4.0 229.20 OK
r-release-linux-x86_64 0.4.0 149.07 32.44 181.51 OK
r-release-macos-arm64 0.4.0 NOTE
r-release-macos-x86_64 0.4.0 NOTE
r-release-windows-ix86+x86_64 0.4.0 327.00 83.00 410.00 OK
r-oldrel-macos-x86_64 0.4.0 NOTE
r-oldrel-windows-ix86+x86_64 0.4.0 447.00 90.00 537.00 OK

Check Details

Version: 0.4.0
Check: installed package size
Result: NOTE
     installed size is 5.4Mb
     sub-directories of 1Mb or more:
     data 1.6Mb
     libs 3.7Mb
Flavors: r-devel-linux-x86_64-fedora-clang, r-release-macos-arm64, r-release-macos-x86_64, r-oldrel-macos-x86_64