CRAN Package Check Results for Package rego

Last updated on 2022-09-26 23:10:43 CEST.

Flavor Version Tinstall Tcheck Ttotal Status Flags
r-devel-linux-x86_64-debian-clang 1.5.2 43.76 30.77 74.53 OK
r-devel-linux-x86_64-debian-gcc 1.5.2 38.18 23.99 62.17 OK
r-devel-linux-x86_64-fedora-clang 1.5.2 114.26 NOTE
r-devel-linux-x86_64-fedora-gcc 1.5.2 109.45 OK
r-devel-windows-x86_64 1.5.2 708.00 94.00 802.00 NOTE
r-patched-linux-x86_64 1.5.2 36.79 30.42 67.21 OK
r-release-linux-x86_64 1.5.2 35.58 30.01 65.59 OK
r-release-macos-arm64 1.5.2 50.00 NOTE
r-release-macos-x86_64 1.5.2 45.00 NOTE
r-release-windows-x86_64 1.5.2 987.00 102.00 1089.00 NOTE
r-oldrel-macos-arm64 1.5.2 38.00 NOTE
r-oldrel-macos-x86_64 1.5.2 52.00 NOTE
r-oldrel-windows-ix86+x86_64 1.5.2 101.00 88.00 189.00 NOTE

Check Details

Version: 1.5.2
Check: installed package size
Result: NOTE
     installed size is 7.2Mb
     sub-directories of 1Mb or more:
     include 6.4Mb
Flavors: r-devel-linux-x86_64-fedora-clang, r-devel-windows-x86_64, r-release-macos-arm64, r-release-macos-x86_64, r-release-windows-x86_64, r-oldrel-macos-arm64, r-oldrel-macos-x86_64, r-oldrel-windows-ix86+x86_64