CRAN Package Check Results for Package regrrr

Last updated on 2019-08-22 00:51:22 CEST.

Flavor Version Tinstall Tcheck Ttotal Status Flags
r-devel-linux-x86_64-debian-clang 0.1.0 14.53 111.69 126.22 OK
r-devel-linux-x86_64-debian-gcc 0.1.0 12.45 86.29 98.74 OK
r-devel-linux-x86_64-fedora-clang 0.1.0 148.81 NOTE
r-devel-linux-x86_64-fedora-gcc 0.1.0 152.88 NOTE
r-devel-windows-ix86+x86_64 0.1.0 48.00 165.00 213.00 OK
r-patched-linux-x86_64 0.1.0 14.02 107.32 121.34 OK
r-patched-solaris-x86 0.1.0 236.10 NOTE
r-release-linux-x86_64 0.1.0 14.32 107.52 121.84 OK
r-release-windows-ix86+x86_64 0.1.0 42.00 168.00 210.00 OK
r-release-osx-x86_64 0.1.0 NOTE
r-oldrel-windows-ix86+x86_64 0.1.0 24.00 159.00 183.00 OK
r-oldrel-osx-x86_64 0.1.0 NOTE

Check Details

Version: 0.1.0
Check: dependencies in R code
Result: NOTE
    Namespaces in Imports field not imported from:
     ‘rlang’ ‘spatstat’
     All declared Imports should be used.
Flavors: r-devel-linux-x86_64-fedora-clang, r-devel-linux-x86_64-fedora-gcc, r-patched-solaris-x86, r-release-osx-x86_64, r-oldrel-osx-x86_64