Last updated on 2023-02-05 13:52:59 CET.
Flavor | Version | Tinstall | Tcheck | Ttotal | Status | Flags |
---|---|---|---|---|---|---|
r-devel-linux-x86_64-debian-clang | 2.2-6 | 18.24 | 119.53 | 137.77 | NOTE | |
r-devel-linux-x86_64-debian-gcc | 2.2-6 | 13.94 | 86.99 | 100.93 | NOTE | |
r-devel-linux-x86_64-fedora-clang | 2.2-6 | 164.46 | NOTE | |||
r-devel-linux-x86_64-fedora-gcc | 2.2-6 | 159.41 | NOTE | |||
r-devel-windows-x86_64 | 2.2-6 | 29.00 | 140.00 | 169.00 | NOTE | |
r-patched-linux-x86_64 | 2.2-6 | 16.11 | 110.56 | 126.67 | OK | |
r-release-linux-x86_64 | 2.2-6 | 16.20 | 111.75 | 127.95 | OK | |
r-release-macos-arm64 | 2.2-6 | 43.00 | OK | |||
r-release-macos-x86_64 | 2.2-6 | 59.00 | OK | |||
r-release-windows-x86_64 | 2.2-6 | 36.00 | 143.00 | 179.00 | OK | |
r-oldrel-macos-arm64 | 2.2-6 | 51.00 | OK | |||
r-oldrel-macos-x86_64 | 2.2-6 | 57.00 | OK | |||
r-oldrel-windows-ix86+x86_64 | 2.2-6 | 34.00 | 131.00 | 165.00 | OK |
Version: 2.2-6
Check: Rd files
Result: NOTE
checkRd: (-1) calc.relimp.Rd:41: Escaped LaTeX specials: \~
checkRd: (-1) classesmethods.relaimpo.Rd:27: Escaped LaTeX specials: \$
checkRd: (-1) classesmethods.relaimpo.Rd:104: Escaped LaTeX specials: \$
checkRd: (-1) mianalyze.relimp.Rd:69: Escaped LaTeX specials: \~
checkRd: (-1) mianalyze.relimp.Rd:73: Escaped LaTeX specials: \~
checkRd: (-1) relimplm-class.Rd:63: Escaped LaTeX specials: \$
checkRd: (-1) relimplmbootMI-class.Rd:121: Escaped LaTeX specials: \$
checkRd: (-1) relimplmbooteval-class.Rd:146: Escaped LaTeX specials: \$
Flavors: r-devel-linux-x86_64-debian-clang, r-devel-linux-x86_64-debian-gcc, r-devel-linux-x86_64-fedora-clang, r-devel-linux-x86_64-fedora-gcc, r-devel-windows-x86_64