CRAN Package Check Results for Package relations

Last updated on 2020-04-01 07:51:18 CEST.

Flavor Version Tinstall Tcheck Ttotal Status Flags
r-devel-linux-x86_64-debian-clang 0.6-9 10.84 77.68 88.52 OK
r-devel-linux-x86_64-debian-gcc 0.6-9 8.53 59.28 67.81 OK
r-devel-linux-x86_64-fedora-clang 0.6-9 104.43 NOTE
r-devel-linux-x86_64-fedora-gcc 0.6-9 103.55 NOTE
r-devel-windows-ix86+x86_64 0.6-9 14.00 61.00 75.00 ERROR
r-devel-windows-ix86+x86_64-gcc8 0.6-9 16.00 59.00 75.00 ERROR
r-patched-linux-x86_64 0.6-9 9.96 76.99 86.95 OK
r-patched-solaris-x86 0.6-9 147.60 NOTE
r-release-linux-x86_64 0.6-9 8.98 70.78 79.76 OK
r-release-windows-ix86+x86_64 0.6-9 14.00 105.00 119.00 NOTE
r-release-osx-x86_64 0.6-9 NOTE
r-oldrel-windows-ix86+x86_64 0.6-9 16.00 124.00 140.00 NOTE
r-oldrel-osx-x86_64 0.6-9 NOTE

Check Details

Version: 0.6-9
Check: package dependencies
Result: NOTE
    Package which this enhances but not available for checking: ‘Rcplex’
Flavors: r-devel-linux-x86_64-fedora-clang, r-devel-linux-x86_64-fedora-gcc, r-devel-windows-ix86+x86_64, r-devel-windows-ix86+x86_64-gcc8, r-release-windows-ix86+x86_64, r-oldrel-windows-ix86+x86_64

Version: 0.6-9
Check: examples
Result: ERROR
    Running examples in 'relations-Ex.R' failed
    The error most likely occurred in:
    
    > ### Name: SVMBench
    > ### Title: SVM Benchmarking Data and Consensus Relations
    > ### Aliases: SVM_Benchmarking_Classification SVM_Benchmarking_Regression
    > ### SVM_Benchmarking_Classification_Consensus
    > ### SVM_Benchmarking_Regression_Consensus
    > ### Keywords: datasets
    >
    > ### ** Examples
    >
    > data("SVM_Benchmarking_Classification")
    >
    > ## 21 data sets
    > names(SVM_Benchmarking_Classification)
     [1] "BreastCancer" "Cards" "Circle"
     [4] "Heart1" "HouseVotes84" "Ionosphere"
     [7] "PimaIndiansDiabetes" "Sonar" "Spirals"
    [10] "chess" "credit" "hepatitis"
    [13] "liver" "monks3" "musk"
    [16] "promotergene" "ringnorm" "threenorm"
    [19] "tictactoe" "titanic" "twonorm"
    >
    > ## 17 methods
    > relation_domain(SVM_Benchmarking_Classification)
    Relation domain:
    A pair with elements:
    {"bagging", "dbagging", "fda.bruto", "fda.mars", "glm", "knn", "lda",
     "lvq", "mart", "mda.bruto", "mda.mars", "multinom", "nnet", "qda",
     "randomForest", "rpart", "svm"}
    {"bagging", "dbagging", "fda.bruto", "fda.mars", "glm", "knn", "lda",
     "lvq", "mart", "mda.bruto", "mda.mars", "multinom", "nnet", "qda",
     "randomForest", "rpart", "svm"}
    >
    > ## select weak orders
    > weak_orders <-
    + Filter(relation_is_weak_order, SVM_Benchmarking_Classification)
    >
    > ## only the artifical data sets yield weak orders
    > names(weak_orders)
    [1] "Circle" "Spirals" "ringnorm"
    >
    > ## visualize them using Hasse diagrams
    > if(require("Rgraphviz")) plot(weak_orders)
    Loading required package: Rgraphviz
    Loading required package: graph
    Loading required package: BiocGenerics
    Loading required package: parallel
    
    Attaching package: 'BiocGenerics'
    
    The following objects are masked from 'package:parallel':
    
     clusterApply, clusterApplyLB, clusterCall, clusterEvalQ,
     clusterExport, clusterMap, parApply, parCapply, parLapply,
     parLapplyLB, parRapply, parSapply, parSapplyLB
    
    The following objects are masked from 'package:stats':
    
     IQR, mad, sd, var, xtabs
    
    The following objects are masked from 'package:base':
    
     Filter, Find, Map, Position, Reduce, anyDuplicated, append,
     as.data.frame, basename, cbind, colnames, dirname, do.call,
     duplicated, eval, evalq, get, grep, grepl, intersect, is.unsorted,
     lapply, mapply, match, mget, order, paste, pmax, pmax.int, pmin,
     pmin.int, rank, rbind, rownames, sapply, setdiff, sort, table,
     tapply, union, unique, unsplit, which, which.max, which.min
    
    Loading required package: grid
    Warning: multiple methods tables found for 'plot'
    Error in as.double(y) :
     cannot coerce type 'S4' to vector of type 'double'
    Calls: plot ... <Anonymous> -> <Anonymous> -> plot.default -> xy.coords
    Execution halted
Flavors: r-devel-windows-ix86+x86_64, r-devel-windows-ix86+x86_64-gcc8

Version: 0.6-9
Check: re-building of vignette outputs
Result: WARN
    Error(s) in re-building vignettes:
    --- re-building 'relations.Rnw' using Sweave
    Loading required package: Rgraphviz
    Loading required package: graph
    Loading required package: BiocGenerics
    Loading required package: parallel
    
    Attaching package: 'BiocGenerics'
    
    The following objects are masked from 'package:parallel':
    
     clusterApply, clusterApplyLB, clusterCall, clusterEvalQ,
     clusterExport, clusterMap, parApply, parCapply, parLapply,
     parLapplyLB, parRapply, parSapply, parSapplyLB
    
    The following objects are masked from 'package:stats':
    
     IQR, mad, sd, var, xtabs
    
    The following objects are masked from 'package:base':
    
     anyDuplicated, append, as.data.frame, basename, cbind, colnames,
     dirname, do.call, duplicated, eval, evalq, Filter, Find, get, grep,
     grepl, intersect, is.unsorted, lapply, Map, mapply, match, mget,
     order, paste, pmax, pmax.int, pmin, pmin.int, Position, rank,
     rbind, Reduce, rownames, sapply, setdiff, sort, table, tapply,
     union, unique, unsplit, which, which.max, which.min
    
    Loading required package: grid
    Warning: multiple methods tables found for 'plot'
    
    Error: processing vignette 'relations.Rnw' failed with diagnostics:
     chunk 8 (label = plot)
    Error in as.double(y) :
     cannot coerce type 'S4' to vector of type 'double'
    
    --- failed re-building 'relations.Rnw'
    
    SUMMARY: processing the following file failed:
     'relations.Rnw'
    
    Error: Vignette re-building failed.
    Execution halted
Flavors: r-devel-windows-ix86+x86_64, r-devel-windows-ix86+x86_64-gcc8

Version: 0.6-9
Check: package dependencies
Result: NOTE
    Package suggested but not available for checking: ‘Rsymphony’
    
    Package which this enhances but not available for checking: ‘Rcplex’
Flavors: r-patched-solaris-x86, r-release-osx-x86_64, r-oldrel-osx-x86_64