CRAN Package Check Results for Package relliptical

Last updated on 2021-10-25 05:58:24 CEST.

Flavor Version Tinstall Tcheck Ttotal Status Flags
r-devel-linux-x86_64-debian-clang 0.1.0 63.18 64.18 127.36 OK
r-devel-linux-x86_64-debian-gcc 0.1.0 65.49 49.49 114.98 OK
r-devel-linux-x86_64-fedora-clang 0.1.0 197.99 NOTE
r-devel-linux-x86_64-fedora-gcc 0.1.0 199.75 OK
r-devel-windows-x86_64 0.1.0 100.00 74.00 174.00 OK
r-devel-windows-x86_64-gcc10-UCRT 0.1.0 OK
r-patched-linux-x86_64 0.1.0 67.96 61.17 129.13 OK
r-patched-solaris-x86 0.1.0 182.90 WARN
r-release-linux-x86_64 0.1.0 75.65 60.72 136.37 OK
r-release-macos-arm64 0.1.0 WARN
r-release-macos-x86_64 0.1.0 WARN
r-release-windows-ix86+x86_64 0.1.0 132.00 141.00 273.00 OK
r-oldrel-macos-x86_64 0.1.0 WARN
r-oldrel-windows-ix86+x86_64 0.1.0 199.00 136.00 335.00 OK

Check Details

Version: 0.1.0
Check: installed package size
Result: NOTE
     installed size is 10.2Mb
     sub-directories of 1Mb or more:
     libs 10.0Mb
Flavors: r-devel-linux-x86_64-fedora-clang, r-release-macos-arm64, r-release-macos-x86_64, r-oldrel-macos-x86_64

Version: 0.1.0
Check: compiled code
Result: WARN
    File ‘relliptical/libs/relliptical.so’:
     Found ‘__assert_c99’, possibly from ‘assert’ (C)
     Object: ‘Functions.o’
    
    Compiled code should not call entry points which might terminate R nor
    write to stdout/stderr instead of to the console, nor use Fortran I/O
    nor system RNGs.
    
    See ‘Writing portable packages’ in the ‘Writing R Extensions’ manual.
Flavor: r-patched-solaris-x86

Version: 0.1.0
Check: compiled code
Result: WARN
    File ‘relliptical/libs/relliptical.so’:
     Found ‘___assert_rtn’, possibly from ‘assert’ (C)
     Object: ‘Functions.o’
    
    Compiled code should not call entry points which might terminate R nor
    write to stdout/stderr instead of to the console, nor use Fortran I/O
    nor system RNGs.
    
    See ‘Writing portable packages’ in the ‘Writing R Extensions’ manual.
Flavors: r-release-macos-arm64, r-release-macos-x86_64, r-oldrel-macos-x86_64