CRAN Package Check Results for Package remedy

Last updated on 2021-04-10 15:47:54 CEST.

Flavor Version Tinstall Tcheck Ttotal Status Flags
r-devel-linux-x86_64-debian-clang 0.1.0 3.88 40.35 44.23 NOTE
r-devel-linux-x86_64-debian-gcc 0.1.0 3.11 31.09 34.20 NOTE
r-devel-linux-x86_64-fedora-clang 0.1.0 60.00 NOTE
r-devel-linux-x86_64-fedora-gcc 0.1.0 49.28 NOTE
r-devel-windows-ix86+x86_64 0.1.0 7.00 42.00 49.00 NOTE
r-devel-windows-x86_64-gcc10-UCRT 0.1.0 NOTE
r-patched-linux-x86_64 0.1.0 4.24 37.99 42.23 OK
r-patched-solaris-x86 0.1.0 81.10 OK
r-release-linux-x86_64 0.1.0 4.14 38.49 42.63 OK
r-release-macos-x86_64 0.1.0 OK
r-release-windows-ix86+x86_64 0.1.0 15.00 62.00 77.00 OK
r-oldrel-macos-x86_64 0.1.0 OK
r-oldrel-windows-ix86+x86_64 0.1.0 7.00 42.00 49.00 OK

Check Details

Version: 0.1.0
Check: LazyData
Result: NOTE
     'LazyData' is specified without a 'data' directory
Flavors: r-devel-linux-x86_64-debian-clang, r-devel-linux-x86_64-debian-gcc, r-devel-linux-x86_64-fedora-clang, r-devel-linux-x86_64-fedora-gcc, r-devel-windows-ix86+x86_64, r-devel-windows-x86_64-gcc10-UCRT