CRAN Package Check Results for Package remify

Last updated on 2024-04-13 01:53:38 CEST.

Flavor Version Tinstall Tcheck Ttotal Status Flags
r-devel-linux-x86_64-debian-clang 3.2.5 58.22 72.93 131.15 OK
r-devel-linux-x86_64-debian-gcc 3.2.5 46.71 55.92 102.63 OK
r-devel-linux-x86_64-fedora-clang 3.2.5 165.24 OK
r-devel-linux-x86_64-fedora-gcc 3.2.5 191.58 OK
r-devel-windows-x86_64 3.2.5 41.00 116.00 157.00 NOTE
r-patched-linux-x86_64 3.2.5 51.04 71.42 122.46 OK
r-release-linux-x86_64 3.2.5 55.57 69.02 124.59 OK
r-release-macos-arm64 3.2.5 70.00 NOTE
r-release-macos-x86_64 3.2.5 146.00 NOTE
r-release-windows-x86_64 3.2.5 53.00 133.00 186.00 NOTE
r-oldrel-macos-arm64 3.2.5 67.00 NOTE
r-oldrel-windows-x86_64 3.2.5 50.00 132.00 182.00 NOTE

Check Details

Version: 3.2.5
Check: installed package size
Result: NOTE installed size is 5.0Mb sub-directories of 1Mb or more: doc 3.4Mb libs 1.3Mb Flavors: r-devel-windows-x86_64, r-release-macos-arm64, r-release-macos-x86_64, r-release-windows-x86_64, r-oldrel-macos-arm64, r-oldrel-windows-x86_64