CRAN Package Check Results for Package remindR

Last updated on 2024-07-14 09:51:23 CEST.

Flavor Version Tinstall Tcheck Ttotal Status Flags
r-devel-linux-x86_64-debian-clang 0.0.1 1.91 25.57 27.48 NOTE
r-devel-linux-x86_64-debian-gcc 0.0.1 1.70 20.11 21.81 NOTE
r-devel-linux-x86_64-fedora-clang 0.0.1 36.39 NOTE
r-devel-linux-x86_64-fedora-gcc 0.0.1 46.46 NOTE
r-devel-windows-x86_64 0.0.1 2.00 43.00 45.00 NOTE
r-patched-linux-x86_64 0.0.1 1.90 24.35 26.25 NOTE
r-release-linux-x86_64 0.0.1 2.00 24.16 26.16 NOTE
r-release-macos-arm64 0.0.1 20.00 NOTE
r-release-macos-x86_64 0.0.1 35.00 NOTE
r-release-windows-x86_64 0.0.1 3.00 45.00 48.00 NOTE
r-oldrel-macos-arm64 0.0.1 19.00 NOTE
r-oldrel-macos-x86_64 0.0.1 27.00 NOTE
r-oldrel-windows-x86_64 0.0.1 3.00 44.00 47.00 NOTE

Check Details

Version: 0.0.1
Check: LazyData
Result: NOTE 'LazyData' is specified without a 'data' directory Flavors: r-devel-linux-x86_64-debian-clang, r-devel-linux-x86_64-debian-gcc, r-devel-linux-x86_64-fedora-clang, r-devel-linux-x86_64-fedora-gcc, r-devel-windows-x86_64, r-patched-linux-x86_64, r-release-linux-x86_64, r-release-macos-arm64, r-release-macos-x86_64, r-release-windows-x86_64, r-oldrel-macos-arm64, r-oldrel-macos-x86_64, r-oldrel-windows-x86_64