CRAN Package Check Results for Package rentrez

Last updated on 2017-07-20 23:51:39.

Flavor Version Tinstall Tcheck Ttotal Status Flags
r-devel-linux-x86_64-debian-clang 1.1.0 1.10 73.46 74.56 WARN
r-devel-linux-x86_64-debian-gcc 1.1.0 1.12 45.43 46.55 OK
r-devel-linux-x86_64-fedora-clang 1.1.0 45.48 OK
r-devel-linux-x86_64-fedora-gcc 1.1.0 43.19 OK
r-devel-windows-ix86+x86_64 1.1.0 5.00 40.00 45.00 OK --no-vignettes
r-patched-linux-x86_64 1.1.0 1.07 49.57 50.64 OK
r-patched-solaris-x86 1.1.0 56.50 OK
r-release-linux-x86_64 1.1.0 1.10 49.91 51.01 OK
r-release-windows-ix86+x86_64 1.1.0 3.00 74.00 77.00 OK --no-vignettes
r-release-osx-x86_64 1.1.0 OK
r-oldrel-windows-ix86+x86_64 1.1.0 5.00 73.00 78.00 OK --no-vignettes
r-oldrel-osx-x86_64 1.1.0 OK

Check Details

Version: 1.1.0
Check: re-building of vignette outputs
Result: WARN
    Error in re-building vignettes:
     ...
    Quitting from lines 155-158 (rentrez_tutorial.Rmd)
    Error: processing vignette ‘rentrez_tutorial.Rmd’ failed with diagnostics:
    subscript out of bounds
    Execution halted
Flavor: r-devel-linux-x86_64-debian-clang