CRAN Package Check Results for Package renz

Last updated on 2022-12-09 10:00:32 CET.

Flavor Version Tinstall Tcheck Ttotal Status Flags
r-devel-linux-x86_64-debian-clang 0.1.1 3.83 60.48 64.31 NOTE
r-devel-linux-x86_64-debian-gcc 0.1.1 2.89 49.39 52.28 NOTE
r-devel-linux-x86_64-fedora-clang 0.1.1 91.11 NOTE
r-devel-linux-x86_64-fedora-gcc 0.1.1 100.16 NOTE
r-devel-windows-x86_64 0.1.1 12.00 98.00 110.00 NOTE
r-patched-linux-x86_64 0.1.1 3.86 58.18 62.04 OK
r-release-linux-x86_64 0.1.1 4.04 52.80 56.84 OK
r-release-macos-arm64 0.1.1 26.00 OK
r-release-macos-x86_64 0.1.1 39.00 OK
r-release-windows-x86_64 0.1.1 17.00 99.00 116.00 OK
r-oldrel-macos-arm64 0.1.1 148.00 OK
r-oldrel-macos-x86_64 0.1.1 44.00 OK
r-oldrel-windows-ix86+x86_64 0.1.1 11.00 84.00 95.00 OK

Check Details

Version: 0.1.1
Check: package subdirectories
Result: NOTE
    Problems with news in 'NEWS.md':
    No news entries found.
Flavors: r-devel-linux-x86_64-debian-clang, r-devel-linux-x86_64-debian-gcc, r-devel-linux-x86_64-fedora-clang, r-devel-linux-x86_64-fedora-gcc, r-devel-windows-x86_64