CRAN Package Check Results for Package repairData

Last updated on 2022-01-16 10:48:42 CET.

Flavor Version Tinstall Tcheck Ttotal Status Flags
r-devel-linux-x86_64-debian-clang 0.1.0 2.47 28.87 31.34 OK
r-devel-linux-x86_64-debian-gcc 0.1.0 2.29 22.97 25.26 OK
r-devel-linux-x86_64-fedora-clang 0.1.0 39.90 NOTE
r-devel-linux-x86_64-fedora-gcc 0.1.0 29.87 NOTE
r-devel-windows-x86_64-new-UL 0.1.0 28.00 44.00 72.00 OK
r-devel-windows-x86_64-new-TK 0.1.0 NOTE
r-patched-linux-x86_64 0.1.0 2.86 28.05 30.91 OK
r-release-linux-x86_64 0.1.0 OK
r-release-macos-arm64 0.1.0 NOTE
r-release-macos-x86_64 0.1.0 NOTE
r-release-windows-ix86+x86_64 0.1.0 6.00 27.00 33.00 OK
r-oldrel-macos-x86_64 0.1.0 NOTE
r-oldrel-windows-ix86+x86_64 0.1.0 6.00 26.00 32.00 OK

Check Details

Version: 0.1.0
Check: data for non-ASCII characters
Result: NOTE
     Note: found 6034 marked UTF-8 strings
Flavors: r-devel-linux-x86_64-fedora-clang, r-devel-linux-x86_64-fedora-gcc, r-devel-windows-x86_64-new-TK, r-release-macos-arm64, r-release-macos-x86_64, r-oldrel-macos-x86_64