CRAN Package Check Results for Package repello

Last updated on 2023-12-10 00:55:57 CET.

Flavor Version Tinstall Tcheck Ttotal Status Flags
r-devel-linux-x86_64-debian-clang 1.0.1 5.38 44.52 49.90 NOTE
r-devel-linux-x86_64-debian-gcc 1.0.1 4.32 33.91 38.23 NOTE
r-devel-linux-x86_64-fedora-clang 1.0.1 62.99 NOTE
r-devel-linux-x86_64-fedora-gcc 1.0.1 70.10 NOTE
r-devel-windows-x86_64 1.0.1 6.00 62.00 68.00 NOTE
r-patched-linux-x86_64 1.0.1 5.29 42.34 47.63 NOTE
r-release-linux-x86_64 1.0.1 3.74 42.08 45.82 NOTE
r-release-macos-arm64 1.0.1 31.00 NOTE
r-release-macos-x86_64 1.0.1 41.00 NOTE
r-release-windows-x86_64 1.0.1 8.00 62.00 70.00 NOTE
r-oldrel-macos-arm64 1.0.1 25.00 NOTE
r-oldrel-macos-x86_64 1.0.1 43.00 NOTE
r-oldrel-windows-x86_64 1.0.1 7.00 62.00 69.00 NOTE

Check Details

Version: 1.0.1
Check: LazyData
Result: NOTE 'LazyData' is specified without a 'data' directory Flavors: r-devel-linux-x86_64-debian-clang, r-devel-linux-x86_64-debian-gcc, r-devel-linux-x86_64-fedora-clang, r-devel-linux-x86_64-fedora-gcc, r-devel-windows-x86_64, r-patched-linux-x86_64, r-release-linux-x86_64, r-release-macos-arm64, r-release-macos-x86_64, r-release-windows-x86_64, r-oldrel-macos-arm64, r-oldrel-macos-x86_64, r-oldrel-windows-x86_64