Last updated on 2023-12-10 04:56:09 CET.
Flavor | Version | Tinstall | Tcheck | Ttotal | Status | Flags |
---|---|---|---|---|---|---|
r-devel-linux-x86_64-debian-clang | 1.2.3 | 21.53 | 45.37 | 66.90 | NOTE | |
r-devel-linux-x86_64-debian-gcc | 1.2.3 | 17.13 | 34.64 | 51.77 | NOTE | |
r-devel-linux-x86_64-fedora-clang | 1.2.3 | 96.73 | OK | |||
r-devel-linux-x86_64-fedora-gcc | 1.2.3 | 103.08 | OK | |||
r-devel-windows-x86_64 | 1.2.3 | 23.00 | 76.00 | 99.00 | OK | |
r-patched-linux-x86_64 | 1.2.3 | 21.51 | 44.33 | 65.84 | OK | |
r-release-linux-x86_64 | 1.2.3 | 20.81 | 44.23 | 65.04 | OK | |
r-release-macos-arm64 | 1.2.3 | 32.00 | OK | |||
r-release-macos-x86_64 | 1.2.3 | 48.00 | OK | |||
r-release-windows-x86_64 | 1.2.3 | 25.00 | 84.00 | 109.00 | OK | |
r-oldrel-macos-arm64 | 1.2.3 | 27.00 | OK | |||
r-oldrel-macos-x86_64 | 1.2.3 | 40.00 | OK | |||
r-oldrel-windows-x86_64 | 1.2.3 | 26.00 | 83.00 | 109.00 | OK |
Version: 1.2.3
Check: Rd files
Result: NOTE
checkRd: (-1) twosidedPValuestobins.Rd:84: Lost braces; missing escapes or markup?
84 | A matrix with \code{n.bins + 1} rows and {ncol(zmat)} columns, representing for each study the discretization chosed. Values are the between bin breaks. First and last values are the edges of the outmost bins.
| ^
checkRd: (-1) ztobins.Rd:90: Lost braces; missing escapes or markup?
90 | A matrix with \code{n.bins + 1} rows and {ncol(zmat)} columns, representing for each study the discretization chosed. Values are the between bin breaks. First and last values are the edges of the outmost bins.
| ^
Flavors: r-devel-linux-x86_64-debian-clang, r-devel-linux-x86_64-debian-gcc