Last updated on 2023-03-29 06:53:46 CEST.
Flavor | Version | Tinstall | Tcheck | Ttotal | Status | Flags |
---|---|---|---|---|---|---|
r-devel-linux-x86_64-debian-clang | 1.2.3 | 27.35 | 45.13 | 72.48 | OK | |
r-devel-linux-x86_64-debian-gcc | 1.2.3 | 18.58 | 34.89 | 53.47 | OK | |
r-devel-linux-x86_64-fedora-clang | 1.2.3 | 94.45 | OK | |||
r-devel-linux-x86_64-fedora-gcc | 1.2.3 | 97.90 | OK | |||
r-patched-linux-x86_64 | 1.2.3 | 23.35 | 43.58 | 66.93 | OK | |
r-release-linux-x86_64 | 1.2.3 | 21.28 | 43.72 | 65.00 | OK | |
r-release-macos-arm64 | 1.2.3 | 25.00 | OK | |||
r-release-macos-x86_64 | 1.2.3 | 40.00 | OK | |||
r-release-windows-x86_64 | 1.2.3 | 30.00 | 95.00 | 125.00 | OK | |
r-oldrel-macos-arm64 | 1.2.3 | 34.00 | OK | |||
r-oldrel-macos-x86_64 | 1.2.3 | 55.00 | OK | |||
r-oldrel-windows-ix86+x86_64 | 1.2.3 | 58.00 | 97.00 | 155.00 | NOTE |
Version: 1.2.3
Check: installed package size
Result: NOTE
installed size is 5.4Mb
sub-directories of 1Mb or more:
data 2.4Mb
libs 2.1Mb
Flavor: r-oldrel-windows-ix86+x86_64