CRAN Package Check Results for Package replicationInterval

Last updated on 2021-04-17 15:48:26 CEST.

Flavor Version Tinstall Tcheck Ttotal Status Flags
r-devel-linux-x86_64-debian-clang 2.0.1 4.90 48.03 52.93 OK
r-devel-linux-x86_64-debian-gcc 2.0.1 3.98 35.03 39.01 OK
r-devel-linux-x86_64-fedora-clang 2.0.1 72.19 OK
r-devel-linux-x86_64-fedora-gcc 2.0.1 60.46 OK
r-devel-windows-ix86+x86_64 2.0.1 15.00 54.00 69.00 OK
r-devel-windows-x86_64-gcc10-UCRT 2.0.1 OK
r-patched-linux-x86_64 2.0.1 3.94 43.57 47.51 OK
r-patched-solaris-x86 2.0.1 4.70 ERROR
r-release-linux-x86_64 2.0.1 4.09 43.13 47.22 OK
r-release-macos-x86_64 2.0.1 OK
r-release-windows-ix86+x86_64 2.0.1 16.00 70.00 86.00 OK
r-oldrel-macos-x86_64 2.0.1 OK
r-oldrel-windows-ix86+x86_64 2.0.1 7.00 60.00 67.00 OK

Check Details

Version: 2.0.1
Check: package dependencies
Result: ERROR
    Package required but not available: ‘MBESS’
    
    See section ‘The DESCRIPTION file’ in the ‘Writing R Extensions’
    manual.
Flavor: r-patched-solaris-x86