CRAN Package Check Results for Package repmis

Last updated on 2021-04-10 23:48:13 CEST.

Flavor Version Tinstall Tcheck Ttotal Status Flags
r-devel-linux-x86_64-debian-clang 0.5 3.71 37.81 41.52 NOTE
r-devel-linux-x86_64-debian-gcc 0.5 3.16 28.54 31.70 NOTE
r-devel-linux-x86_64-fedora-clang 0.5 56.04 NOTE
r-devel-linux-x86_64-fedora-gcc 0.5 53.82 NOTE
r-devel-windows-ix86+x86_64 0.5 7.00 41.00 48.00 OK
r-devel-windows-x86_64-gcc10-UCRT 0.5 OK
r-patched-linux-x86_64 0.5 3.49 35.37 38.86 NOTE
r-patched-solaris-x86 0.5 69.90 NOTE
r-release-linux-x86_64 0.5 3.90 36.03 39.93 NOTE
r-release-macos-x86_64 0.5 OK
r-release-windows-ix86+x86_64 0.5 7.00 60.00 67.00 OK
r-oldrel-macos-x86_64 0.5 OK
r-oldrel-windows-ix86+x86_64 0.5 7.00 42.00 49.00 OK

Check Details

Version: 0.5
Check: for non-standard things in the check directory
Result: NOTE
    Found the following files/directories:
     'PackageCites.bib'
Flavors: r-devel-linux-x86_64-debian-clang, r-devel-linux-x86_64-debian-gcc, r-devel-linux-x86_64-fedora-clang, r-devel-linux-x86_64-fedora-gcc, r-patched-linux-x86_64, r-patched-solaris-x86, r-release-linux-x86_64