CRAN Package Check Results for Package repmod

Last updated on 2024-04-22 14:54:28 CEST.

Flavor Version Tinstall Tcheck Ttotal Status Flags
r-devel-linux-x86_64-debian-clang 0.1.7 4.40 36.44 40.84 NOTE
r-devel-linux-x86_64-debian-gcc 0.1.7 3.43 27.17 30.60 NOTE
r-devel-linux-x86_64-fedora-clang 0.1.7 50.15 NOTE
r-devel-linux-x86_64-fedora-gcc 0.1.7 47.44 NOTE
r-prerel-macos-arm64 0.1.7 17.00 NOTE
r-prerel-windows-x86_64 0.1.7 4.00 52.00 56.00 NOTE
r-patched-linux-x86_64 0.1.7 3.63 34.20 37.83 NOTE
r-release-linux-x86_64 0.1.7 4.40 33.78 38.18 NOTE
r-release-macos-arm64 0.1.7 20.00 NOTE
r-release-macos-x86_64 0.1.7 26.00 NOTE
r-release-windows-x86_64 0.1.7 6.00 55.00 61.00 NOTE
r-oldrel-macos-arm64 0.1.7 21.00 NOTE
r-oldrel-windows-x86_64 0.1.7 6.00 54.00 60.00 NOTE

Check Details

Version: 0.1.7
Check: LazyData
Result: NOTE 'LazyData' is specified without a 'data' directory Flavors: r-devel-linux-x86_64-debian-clang, r-devel-linux-x86_64-debian-gcc, r-devel-linux-x86_64-fedora-clang, r-devel-linux-x86_64-fedora-gcc, r-prerel-macos-arm64, r-prerel-windows-x86_64, r-patched-linux-x86_64, r-release-linux-x86_64, r-release-macos-arm64, r-release-macos-x86_64, r-release-windows-x86_64, r-oldrel-macos-arm64, r-oldrel-windows-x86_64