CRAN Package Check Results for Package repoRter.nih

Last updated on 2022-09-28 23:55:53 CEST.

Flavor Version Tinstall Tcheck Ttotal Status Flags
r-devel-linux-x86_64-debian-clang 0.1.3 6.61 81.08 87.69 OK
r-devel-linux-x86_64-debian-gcc 0.1.3 5.38 62.51 67.89 OK
r-devel-linux-x86_64-fedora-clang 0.1.3 127.99 OK
r-devel-linux-x86_64-fedora-gcc 0.1.3 119.38 OK
r-devel-windows-x86_64 0.1.3 17.00 145.00 162.00 OK
r-patched-linux-x86_64 0.1.3 4.57 76.96 81.53 OK
r-release-linux-x86_64 0.1.3 5.00 77.46 82.46 OK
r-release-macos-arm64 0.1.3 70.00 OK
r-release-macos-x86_64 0.1.3 79.00 OK
r-release-windows-x86_64 0.1.3 14.00 146.00 160.00 OK
r-oldrel-macos-arm64 0.1.3 67.00 OK
r-oldrel-macos-x86_64 0.1.3 79.00 OK
r-oldrel-windows-ix86+x86_64 0.1.3 16.00 124.00 140.00 WARN

Check Details

Version: 0.1.3
Check: re-building of vignette outputs
Result: WARN
    Error(s) in re-building vignettes:
    --- re-building 'repoRter_nih.Rmd' using rmarkdown
    
    Attaching package: 'dplyr'
    
    The following objects are masked from 'package:stats':
    
     filter, lag
    
    The following objects are masked from 'package:base':
    
     intersect, setdiff, setequal, union
    
    This is your JSON payload:
    {
     "criteria": {
     "covid_response": [
     "All"
     ],
     "use_relevance": false,
     "include_active_projects": false,
     "exclude_subprojects": false,
     "multi_pi_only": false,
     "newly_added_projects_only": false,
     "sub_project_only": false
     },
     "include_fields": [
     "AwardAmount",
     "CovidResponse"
     ],
     "offset": 0,
     "limit": 500
    }
    
    If you receive a non-200 API response, compare this formatting (boxes, braces, quotes, etc.) to the 'Complete Payload' schema provided here:
    https://api.reporter.nih.gov/?urls.primaryName=V2.0#/Search/post_v2_projects_search
    
    Retrieving first page of results (up to 500 records)
    Retrieving results 501 to 1000 of 3273
    Retrieving results 1001 to 1500 of 3273
    Retrieving results 1501 to 2000 of 3273
    Retrieving results 2001 to 2500 of 3273
    Retrieving results 2501 to 3000 of 3273
    Retrieving results 3001 to 3273 of 3273
    ! Undefined control sequence.
    l.68 \UseRawInputEncoding
    
    Error: processing vignette 'repoRter_nih.Rmd' failed with diagnostics:
    LaTeX failed to compile d:/RCompile/CRANpkg/local/4.1/repoRter.nih.Rcheck/vign_test/repoRter.nih/vignettes/repoRter_nih.tex. See https://yihui.org/tinytex/r/#debugging for debugging tips. See repoRter_nih.log for more info.
    --- failed re-building 'repoRter_nih.Rmd'
    
    SUMMARY: processing the following file failed:
     'repoRter_nih.Rmd'
    
    Error: Vignette re-building failed.
    Execution halted
Flavor: r-oldrel-windows-ix86+x86_64